2a01:e0a:825:96f0:acb8:459:4c93:b3ac - - [01/Sep/2026:08:43:02 +0000] (0 s) "GET /scripts/bootstrap/datepicker/css/datepicker.css HTTP/1.1" 404 6110 "https://www.rh24.fr/emploi-essonne" "Mozilla/5.0 (iPhone; CPU iPhone OS 18_7 like Mac OS X) AppleWebKit/605.1.15 (KHTML, like Gecko) Version/26.6 Mobile/15E148 Safari/604.1" www.rh24.fr
2a01:e0a:825:96f0:acb8:459:4c93:b3ac - - [01/Sep/2026:08:43:02 +0000] (0 s) "GET /scripts/bootstrap/datepicker/js/locales/bootstrap-datepicker.fr.js HTTP/1.1" 404 6110 "https://www.rh24.fr/emploi-essonne" "Mozilla/5.0 (iPhone; CPU iPhone OS 18_7 like Mac OS X) AppleWebKit/605.1.15 (KHTML, like Gecko) Version/26.6 Mobile/15E148 Safari/604.1" www.rh24.fr
2a01:e0a:825:96f0:acb8:459:4c93:b3ac - - [01/Sep/2026:08:43:02 +0000] (0 s) "GET /img/telephone.png HTTP/1.1" 200 61546 "https://www.rh24.fr/emploi-essonne" "Mozilla/5.0 (iPhone; CPU iPhone OS 18_7 like Mac OS X) AppleWebKit/605.1.15 (KHTML, like Gecko) Version/26.6 Mobile/15E148 Safari/604.1" www.volley92.asso.fr
45.76.192.50 - - [01/Sep/2026:08:43:02 +0000] (0 s) "GET / HTTP/1.1" 200 4649 "-" "Mozilla/5.0 (Windows NT 10.0; Win64; x64) AppleWebKit/537.36 (KHTML, like Gecko) Chrome/129.0.0.0 Safari/537.36 (StatusCake)" www.humitest.fr
149.28.79.140 - - [01/Sep/2026:08:43:09 +0000] (0 s) "GET / HTTP/1.1" 200 9817 "-" "Mozilla/5.0 (Windows NT 10.0; Win64; x64) AppleWebKit/537.36 (KHTML, like Gecko) Chrome/129.0.0.0 Safari/537.36 (StatusCake)" www.coaching-en-developpement-personnel.fr
45.77.235.246 - - [01/Sep/2026:08:43:15 +0000] (0 s) "GET / HTTP/1.1" 200 4558 "-" "Mozilla/5.0 (Windows NT 10.0; Win64; x64) AppleWebKit/537.36 (KHTML, like Gecko) Chrome/129.0.0.0 Safari/537.36 (StatusCake)" www.location-appartement-vacances-corse.fr
2a02:810d:6893:5f00:1ca5:e22e:4c99:fa51 - - [01/Sep/2026:08:43:22 +0000] (0 s) "GET / HTTP/1.1" 200 12072 "-" "Mozilla/5.0 (Linux; Android 10; K) AppleWebKit/537.36 (KHTML, like Gecko) SamsungBrowser/30.0 Chrome/143.0.0.0 Mobile Safari/537.36" www.location-appartement-vacances-corse.fr
2a02:810d:6893:5f00:1ca5:e22e:4c99:fa51 - - [01/Sep/2026:08:43:22 +0000] (0 s) "GET /assets/img/includes/navbar/logo-corse.svg HTTP/1.1" 200 31611 "https://www.location-appartement-vacances-corse.fr/" "Mozilla/5.0 (Linux; Android 10; K) AppleWebKit/537.36 (KHTML, like Gecko) SamsungBrowser/30.0 Chrome/143.0.0.0 Mobile Safari/537.36" www.location-appartement-vacances-corse.fr
2a02:810d:6893:5f00:1ca5:e22e:4c99:fa51 - - [01/Sep/2026:08:43:22 +0000] (0 s) "GET /build/app.css HTTP/1.1" 200 270674 "https://www.location-appartement-vacances-corse.fr/" "Mozilla/5.0 (Linux; Android 10; K) AppleWebKit/537.36 (KHTML, like Gecko) SamsungBrowser/30.0 Chrome/143.0.0.0 Mobile Safari/537.36" www.location-appartement-vacances-corse.fr
2a02:810d:6893:5f00:1ca5:e22e:4c99:fa51 - - [01/Sep/2026:08:43:22 +0000] (0 s) "GET /build/runtime.js HTTP/1.1" 200 4926 "https://www.location-appartement-vacances-corse.fr/" "Mozilla/5.0 (Linux; Android 10; K) AppleWebKit/537.36 (KHTML, like Gecko) SamsungBrowser/30.0 Chrome/143.0.0.0 Mobile Safari/537.36" www.location-appartement-vacances-corse.fr
2a02:810d:6893:5f00:1ca5:e22e:4c99:fa51 - - [01/Sep/2026:08:43:22 +0000] (0 s) "GET /build/app.js HTTP/1.1" 200 30926 "https://www.location-appartement-vacances-corse.fr/" "Mozilla/5.0 (Linux; Android 10; K) AppleWebKit/537.36 (KHTML, like Gecko) SamsungBrowser/30.0 Chrome/143.0.0.0 Mobile Safari/537.36" www.location-appartement-vacances-corse.fr
2a02:810d:6893:5f00:1ca5:e22e:4c99:fa51 - - [01/Sep/2026:08:43:22 +0000] (0 s) "GET /assets/js/popper.min.js HTTP/1.1" 200 7463 "https://www.location-appartement-vacances-corse.fr/" "Mozilla/5.0 (Linux; Android 10; K) AppleWebKit/537.36 (KHTML, like Gecko) SamsungBrowser/30.0 Chrome/143.0.0.0 Mobile Safari/537.36" www.location-appartement-vacances-corse.fr
2a02:810d:6893:5f00:1ca5:e22e:4c99:fa51 - - [01/Sep/2026:08:43:22 +0000] (0 s) "GET /build/vendors-node_modules_symfony_stimulus-bridge_dist_index_js-node_modules_core-js_modules_es_ar-7a868b.js HTTP/1.1" 200 145667 "https://www.location-appartement-vacances-corse.fr/" "Mozilla/5.0 (Linux; Android 10; K) AppleWebKit/537.36 (KHTML, like Gecko) SamsungBrowser/30.0 Chrome/143.0.0.0 Mobile Safari/537.36" www.location-appartement-vacances-corse.fr
2a02:810d:6893:5f00:1ca5:e22e:4c99:fa51 - - [01/Sep/2026:08:43:22 +0000] (0 s) "GET /build/fonts/fa-solid-900.4a83f63f.woff2 HTTP/1.1" 200 75689 "https://www.location-appartement-vacances-corse.fr/build/app.css" "Mozilla/5.0 (Linux; Android 10; K) AppleWebKit/537.36 (KHTML, like Gecko) SamsungBrowser/30.0 Chrome/143.0.0.0 Mobile Safari/537.36" www.location-appartement-vacances-corse.fr
2a02:810d:6893:5f00:1ca5:e22e:4c99:fa51 - - [01/Sep/2026:08:43:22 +0000] (0 s) "GET /build/fonts/Angelta%20Script.5226a033.ttf HTTP/1.1" 200 45111 "https://www.location-appartement-vacances-corse.fr/build/app.css" "Mozilla/5.0 (Linux; Android 10; K) AppleWebKit/537.36 (KHTML, like Gecko) SamsungBrowser/30.0 Chrome/143.0.0.0 Mobile Safari/537.36" www.location-appartement-vacances-corse.fr
2a02:810d:6893:5f00:1ca5:e22e:4c99:fa51 - - [01/Sep/2026:08:43:22 +0000] (0 s) "GET /build/fonts/GreatVibes-Regular.9f3b78d9.ttf HTTP/1.1" 200 50040 "https://www.location-appartement-vacances-corse.fr/build/app.css" "Mozilla/5.0 (Linux; Android 10; K) AppleWebKit/537.36 (KHTML, like Gecko) SamsungBrowser/30.0 Chrome/143.0.0.0 Mobile Safari/537.36" www.location-appartement-vacances-corse.fr
2a02:810d:6893:5f00:1ca5:e22e:4c99:fa51 - - [01/Sep/2026:08:43:22 +0000] (0 s) "GET /build/fonts/PlayfairDisplay-Regular.b982583b.ttf HTTP/1.1" 200 83735 "https://www.location-appartement-vacances-corse.fr/build/app.css" "Mozilla/5.0 (Linux; Android 10; K) AppleWebKit/537.36 (KHTML, like Gecko) SamsungBrowser/30.0 Chrome/143.0.0.0 Mobile Safari/537.36" www.location-appartement-vacances-corse.fr
2a02:810d:6893:5f00:1ca5:e22e:4c99:fa51 - - [01/Sep/2026:08:43:22 +0000] (0 s) "GET /build/images/background.35c9be78.png HTTP/1.1" 200 231426 "https://www.location-appartement-vacances-corse.fr/build/app.css" "Mozilla/5.0 (Linux; Android 10; K) AppleWebKit/537.36 (KHTML, like Gecko) SamsungBrowser/30.0 Chrome/143.0.0.0 Mobile Safari/537.36" www.location-appartement-vacances-corse.fr
2a02:810d:6893:5f00:1ca5:e22e:4c99:fa51 - - [01/Sep/2026:08:43:34 +0000] (0 s) "GET /appartement-f3-1er-etage HTTP/1.1" 200 5832 "https://www.location-appartement-vacances-corse.fr/" "Mozilla/5.0 (Linux; Android 10; K) AppleWebKit/537.36 (KHTML, like Gecko) SamsungBrowser/30.0 Chrome/143.0.0.0 Mobile Safari/537.36" www.location-appartement-vacances-corse.fr
2a02:810d:6893:5f00:1ca5:e22e:4c99:fa51 - - [01/Sep/2026:08:43:34 +0000] (0 s) "GET /assets/img/includes/flower/9.png HTTP/1.1" 200 52134 "https://www.location-appartement-vacances-corse.fr/appartement-f3-1er-etage" "Mozilla/5.0 (Linux; Android 10; K) AppleWebKit/537.36 (KHTML, like Gecko) SamsungBrowser/30.0 Chrome/143.0.0.0 Mobile Safari/537.36" www.location-appartement-vacances-corse.fr
2a02:810d:6893:5f00:1ca5:e22e:4c99:fa51 - - [01/Sep/2026:08:43:34 +0000] (0 s) "GET /assets/img/includes/flower/10.png HTTP/1.1" 200 35140 "https://www.location-appartement-vacances-corse.fr/appartement-f3-1er-etage" "Mozilla/5.0 (Linux; Android 10; K) AppleWebKit/537.36 (KHTML, like Gecko) SamsungBrowser/30.0 Chrome/143.0.0.0 Mobile Safari/537.36" www.location-appartement-vacances-corse.fr
2a02:810d:6893:5f00:1ca5:e22e:4c99:fa51 - - [01/Sep/2026:08:43:34 +0000] (0 s) "GET /assets/img/includes/flower/11.png HTTP/1.1" 200 42045 "https://www.location-appartement-vacances-corse.fr/appartement-f3-1er-etage" "Mozilla/5.0 (Linux; Android 10; K) AppleWebKit/537.36 (KHTML, like Gecko) SamsungBrowser/30.0 Chrome/143.0.0.0 Mobile Safari/537.36" www.location-appartement-vacances-corse.fr
2a02:810d:6893:5f00:1ca5:e22e:4c99:fa51 - - [01/Sep/2026:08:43:34 +0000] (0 s) "GET /assets/img/includes/carousel/appartement-f3-1er-etage/10.jpg HTTP/1.1" 200 117771 "https://www.location-appartement-vacances-corse.fr/appartement-f3-1er-etage" "Mozilla/5.0 (Linux; Android 10; K) AppleWebKit/537.36 (KHTML, like Gecko) SamsungBrowser/30.0 Chrome/143.0.0.0 Mobile Safari/537.36" www.location-appartement-vacances-corse.fr
2a02:810d:6893:5f00:1ca5:e22e:4c99:fa51 - - [01/Sep/2026:08:43:34 +0000] (0 s) "GET /assets/img/includes/carousel/appartement-f3-1er-etage/6.jpg HTTP/1.1" 200 113610 "https://www.location-appartement-vacances-corse.fr/appartement-f3-1er-etage" "Mozilla/5.0 (Linux; Android 10; K) AppleWebKit/537.36 (KHTML, like Gecko) SamsungBrowser/30.0 Chrome/143.0.0.0 Mobile Safari/537.36" www.location-appartement-vacances-corse.fr
2a02:810d:6893:5f00:1ca5:e22e:4c99:fa51 - - [01/Sep/2026:08:43:34 +0000] (0 s) "GET /assets/img/includes/carousel/appartement-f3-1er-etage/2.jpg HTTP/1.1" 200 228990 "https://www.location-appartement-vacances-corse.fr/appartement-f3-1er-etage" "Mozilla/5.0 (Linux; Android 10; K) AppleWebKit/537.36 (KHTML, like Gecko) SamsungBrowser/30.0 Chrome/143.0.0.0 Mobile Safari/537.36" www.location-appartement-vacances-corse.fr
2a02:810d:6893:5f00:1ca5:e22e:4c99:fa51 - - [01/Sep/2026:08:43:34 +0000] (0 s) "GET /assets/img/includes/carousel/appartement-f3-1er-etage/1.jpg HTTP/1.1" 200 292530 "https://www.location-appartement-vacances-corse.fr/appartement-f3-1er-etage" "Mozilla/5.0 (Linux; Android 10; K) AppleWebKit/537.36 (KHTML, like Gecko) SamsungBrowser/30.0 Chrome/143.0.0.0 Mobile Safari/537.36" www.location-appartement-vacances-corse.fr
2a02:810d:6893:5f00:1ca5:e22e:4c99:fa51 - - [01/Sep/2026:08:43:34 +0000] (0 s) "GET /assets/img/includes/carousel/appartement-f3-1er-etage/8.jpg HTTP/1.1" 200 392060 "https://www.location-appartement-vacances-corse.fr/appartement-f3-1er-etage" "Mozilla/5.0 (Linux; Android 10; K) AppleWebKit/537.36 (KHTML, like Gecko) SamsungBrowser/30.0 Chrome/143.0.0.0 Mobile Safari/537.36" www.location-appartement-vacances-corse.fr
2a02:810d:6893:5f00:1ca5:e22e:4c99:fa51 - - [01/Sep/2026:08:43:34 +0000] (0 s) "GET /assets/img/includes/carousel/appartement-f3-1er-etage/11.jpg HTTP/1.1" 200 390817 "https://www.location-appartement-vacances-corse.fr/appartement-f3-1er-etage" "Mozilla/5.0 (Linux; Android 10; K) AppleWebKit/537.36 (KHTML, like Gecko) SamsungBrowser/30.0 Chrome/143.0.0.0 Mobile Safari/537.36" www.location-appartement-vacances-corse.fr
2a02:810d:6893:5f00:1ca5:e22e:4c99:fa51 - - [01/Sep/2026:08:43:34 +0000] (0 s) "GET /assets/img/includes/carousel/appartement-f3-1er-etage/5.jpg HTTP/1.1" 200 255983 "https://www.location-appartement-vacances-corse.fr/appartement-f3-1er-etage" "Mozilla/5.0 (Linux; Android 10; K) AppleWebKit/537.36 (KHTML, like Gecko) SamsungBrowser/30.0 Chrome/143.0.0.0 Mobile Safari/537.36" www.location-appartement-vacances-corse.fr
2a02:810d:6893:5f00:1ca5:e22e:4c99:fa51 - - [01/Sep/2026:08:43:34 +0000] (0 s) "GET /assets/img/includes/carousel/appartement-f3-1er-etage/7.jpg HTTP/1.1" 200 296903 "https://www.location-appartement-vacances-corse.fr/appartement-f3-1er-etage" "Mozilla/5.0 (Linux; Android 10; K) AppleWebKit/537.36 (KHTML, like Gecko) SamsungBrowser/30.0 Chrome/143.0.0.0 Mobile Safari/537.36" www.location-appartement-vacances-corse.fr
2a02:810d:6893:5f00:1ca5:e22e:4c99:fa51 - - [01/Sep/2026:08:43:34 +0000] (0 s) "GET /assets/img/includes/carousel/appartement-f3-1er-etage/9.jpg HTTP/1.1" 200 253071 "https://www.location-appartement-vacances-corse.fr/appartement-f3-1er-etage" "Mozilla/5.0 (Linux; Android 10; K) AppleWebKit/537.36 (KHTML, like Gecko) SamsungBrowser/30.0 Chrome/143.0.0.0 Mobile Safari/537.36" www.location-appartement-vacances-corse.fr
2a02:810d:6893:5f00:1ca5:e22e:4c99:fa51 - - [01/Sep/2026:08:43:34 +0000] (0 s) "GET /assets/img/includes/carousel/appartement-f3-1er-etage/3.jpg HTTP/1.1" 200 280619 "https://www.location-appartement-vacances-corse.fr/appartement-f3-1er-etage" "Mozilla/5.0 (Linux; Android 10; K) AppleWebKit/537.36 (KHTML, like Gecko) SamsungBrowser/30.0 Chrome/143.0.0.0 Mobile Safari/537.36" www.location-appartement-vacances-corse.fr
2a02:810d:6893:5f00:1ca5:e22e:4c99:fa51 - - [01/Sep/2026:08:43:34 +0000] (0 s) "GET /assets/img/includes/carousel/appartement-f3-1er-etage/12.jpg HTTP/1.1" 200 88020 "https://www.location-appartement-vacances-corse.fr/appartement-f3-1er-etage" "Mozilla/5.0 (Linux; Android 10; K) AppleWebKit/537.36 (KHTML, like Gecko) SamsungBrowser/30.0 Chrome/143.0.0.0 Mobile Safari/537.36" www.location-appartement-vacances-corse.fr
2a02:810d:6893:5f00:1ca5:e22e:4c99:fa51 - - [01/Sep/2026:08:43:34 +0000] (0 s) "GET /assets/img/includes/carousel/appartement-f3-1er-etage/4.jpg HTTP/1.1" 200 336508 "https://www.location-appartement-vacances-corse.fr/appartement-f3-1er-etage" "Mozilla/5.0 (Linux; Android 10; K) AppleWebKit/537.36 (KHTML, like Gecko) SamsungBrowser/30.0 Chrome/143.0.0.0 Mobile Safari/537.36" www.location-appartement-vacances-corse.fr
2a02:810d:6893:5f00:1ca5:e22e:4c99:fa51 - - [01/Sep/2026:08:43:34 +0000] (0 s) "GET /assets/img/includes/carousel/appartement-f3-1er-etage/22.jpg HTTP/1.1" 200 54060 "https://www.location-appartement-vacances-corse.fr/appartement-f3-1er-etage" "Mozilla/5.0 (Linux; Android 10; K) AppleWebKit/537.36 (KHTML, like Gecko) SamsungBrowser/30.0 Chrome/143.0.0.0 Mobile Safari/537.36" www.location-appartement-vacances-corse.fr
2a02:810d:6893:5f00:1ca5:e22e:4c99:fa51 - - [01/Sep/2026:08:43:34 +0000] (0 s) "GET /assets/img/includes/carousel/appartement-f3-1er-etage/14.jpg HTTP/1.1" 200 67639 "https://www.location-appartement-vacances-corse.fr/appartement-f3-1er-etage" "Mozilla/5.0 (Linux; Android 10; K) AppleWebKit/537.36 (KHTML, like Gecko) SamsungBrowser/30.0 Chrome/143.0.0.0 Mobile Safari/537.36" www.location-appartement-vacances-corse.fr
2a02:810d:6893:5f00:1ca5:e22e:4c99:fa51 - - [01/Sep/2026:08:43:34 +0000] (0 s) "GET /assets/img/includes/carousel/appartement-f3-1er-etage/15.jpg HTTP/1.1" 200 70111 "https://www.location-appartement-vacances-corse.fr/appartement-f3-1er-etage" "Mozilla/5.0 (Linux; Android 10; K) AppleWebKit/537.36 (KHTML, like Gecko) SamsungBrowser/30.0 Chrome/143.0.0.0 Mobile Safari/537.36" www.location-appartement-vacances-corse.fr
2a02:810d:6893:5f00:1ca5:e22e:4c99:fa51 - - [01/Sep/2026:08:43:34 +0000] (0 s) "GET /assets/img/includes/flower/12.png HTTP/1.1" 200 44819 "https://www.location-appartement-vacances-corse.fr/appartement-f3-1er-etage" "Mozilla/5.0 (Linux; Android 10; K) AppleWebKit/537.36 (KHTML, like Gecko) SamsungBrowser/30.0 Chrome/143.0.0.0 Mobile Safari/537.36" www.location-appartement-vacances-corse.fr
2a02:810d:6893:5f00:1ca5:e22e:4c99:fa51 - - [01/Sep/2026:08:43:34 +0000] (0 s) "GET /assets/img/includes/carousel/appartement-f3-1er-etage/16.jpg HTTP/1.1" 200 377998 "https://www.location-appartement-vacances-corse.fr/appartement-f3-1er-etage" "Mozilla/5.0 (Linux; Android 10; K) AppleWebKit/537.36 (KHTML, like Gecko) SamsungBrowser/30.0 Chrome/143.0.0.0 Mobile Safari/537.36" www.location-appartement-vacances-corse.fr
2a02:810d:6893:5f00:1ca5:e22e:4c99:fa51 - - [01/Sep/2026:08:43:34 +0000] (0 s) "GET /assets/img/includes/carousel/appartement-f3-1er-etage/13.jpg HTTP/1.1" 200 368848 "https://www.location-appartement-vacances-corse.fr/appartement-f3-1er-etage" "Mozilla/5.0 (Linux; Android 10; K) AppleWebKit/537.36 (KHTML, like Gecko) SamsungBrowser/30.0 Chrome/143.0.0.0 Mobile Safari/537.36" www.location-appartement-vacances-corse.fr
2a02:810d:6893:5f00:1ca5:e22e:4c99:fa51 - - [01/Sep/2026:08:43:34 +0000] (0 s) "GET /assets/img/sections/two/appartement-f3-1er-etage/1.png HTTP/1.1" 200 86052 "https://www.location-appartement-vacances-corse.fr/appartement-f3-1er-etage" "Mozilla/5.0 (Linux; Android 10; K) AppleWebKit/537.36 (KHTML, like Gecko) SamsungBrowser/30.0 Chrome/143.0.0.0 Mobile Safari/537.36" www.location-appartement-vacances-corse.fr
2a02:810d:6893:5f00:1ca5:e22e:4c99:fa51 - - [01/Sep/2026:08:43:34 +0000] (0 s) "GET /assets/img/includes/carousel/appartement-f3-1er-etage/21.jpg HTTP/1.1" 200 378249 "https://www.location-appartement-vacances-corse.fr/appartement-f3-1er-etage" "Mozilla/5.0 (Linux; Android 10; K) AppleWebKit/537.36 (KHTML, like Gecko) SamsungBrowser/30.0 Chrome/143.0.0.0 Mobile Safari/537.36" www.location-appartement-vacances-corse.fr
2a02:810d:6893:5f00:1ca5:e22e:4c99:fa51 - - [01/Sep/2026:08:43:34 +0000] (0 s) "GET /assets/img/includes/carousel/appartement-f3-1er-etage/24.jpg HTTP/1.1" 200 296903 "https://www.location-appartement-vacances-corse.fr/appartement-f3-1er-etage" "Mozilla/5.0 (Linux; Android 10; K) AppleWebKit/537.36 (KHTML, like Gecko) SamsungBrowser/30.0 Chrome/143.0.0.0 Mobile Safari/537.36" www.location-appartement-vacances-corse.fr
2a02:810d:6893:5f00:1ca5:e22e:4c99:fa51 - - [01/Sep/2026:08:43:34 +0000] (0 s) "GET /assets/img/includes/carousel/appartement-f3-1er-etage/17.jpg HTTP/1.1" 200 338317 "https://www.location-appartement-vacances-corse.fr/appartement-f3-1er-etage" "Mozilla/5.0 (Linux; Android 10; K) AppleWebKit/537.36 (KHTML, like Gecko) SamsungBrowser/30.0 Chrome/143.0.0.0 Mobile Safari/537.36" www.location-appartement-vacances-corse.fr
2a02:810d:6893:5f00:1ca5:e22e:4c99:fa51 - - [01/Sep/2026:08:43:34 +0000] (0 s) "GET /assets/img/includes/carousel/appartement-f3-1er-etage/19.jpg HTTP/1.1" 200 374288 "https://www.location-appartement-vacances-corse.fr/appartement-f3-1er-etage" "Mozilla/5.0 (Linux; Android 10; K) AppleWebKit/537.36 (KHTML, like Gecko) SamsungBrowser/30.0 Chrome/143.0.0.0 Mobile Safari/537.36" www.location-appartement-vacances-corse.fr
2a02:810d:6893:5f00:1ca5:e22e:4c99:fa51 - - [01/Sep/2026:08:43:34 +0000] (0 s) "GET /assets/img/includes/carousel/appartement-f3-1er-etage/20.jpg HTTP/1.1" 200 355422 "https://www.location-appartement-vacances-corse.fr/appartement-f3-1er-etage" "Mozilla/5.0 (Linux; Android 10; K) AppleWebKit/537.36 (KHTML, like Gecko) SamsungBrowser/30.0 Chrome/143.0.0.0 Mobile Safari/537.36" www.location-appartement-vacances-corse.fr
2a02:810d:6893:5f00:1ca5:e22e:4c99:fa51 - - [01/Sep/2026:08:43:34 +0000] (0 s) "GET /assets/img/includes/carousel/appartement-f3-1er-etage/23.jpg HTTP/1.1" 200 392060 "https://www.location-appartement-vacances-corse.fr/appartement-f3-1er-etage" "Mozilla/5.0 (Linux; Android 10; K) AppleWebKit/537.36 (KHTML, like Gecko) SamsungBrowser/30.0 Chrome/143.0.0.0 Mobile Safari/537.36" www.location-appartement-vacances-corse.fr
2a02:810d:6893:5f00:1ca5:e22e:4c99:fa51 - - [01/Sep/2026:08:43:34 +0000] (0 s) "GET /assets/img/includes/logements/3.png HTTP/1.1" 200 42811 "https://www.location-appartement-vacances-corse.fr/appartement-f3-1er-etage" "Mozilla/5.0 (Linux; Android 10; K) AppleWebKit/537.36 (KHTML, like Gecko) SamsungBrowser/30.0 Chrome/143.0.0.0 Mobile Safari/537.36" www.location-appartement-vacances-corse.fr
2a02:810d:6893:5f00:1ca5:e22e:4c99:fa51 - - [01/Sep/2026:08:43:34 +0000] (0 s) "GET /assets/img/includes/carousel/appartement-f3-1er-etage/25.jpg HTTP/1.1" 200 113610 "https://www.location-appartement-vacances-corse.fr/appartement-f3-1er-etage" "Mozilla/5.0 (Linux; Android 10; K) AppleWebKit/537.36 (KHTML, like Gecko) SamsungBrowser/30.0 Chrome/143.0.0.0 Mobile Safari/537.36" www.location-appartement-vacances-corse.fr
2a02:810d:6893:5f00:1ca5:e22e:4c99:fa51 - - [01/Sep/2026:08:43:34 +0000] (0 s) "GET /assets/img/includes/carousel/appartement-f3-1er-etage/26.jpg HTTP/1.1" 200 100886 "https://www.location-appartement-vacances-corse.fr/appartement-f3-1er-etage" "Mozilla/5.0 (Linux; Android 10; K) AppleWebKit/537.36 (KHTML, like Gecko) SamsungBrowser/30.0 Chrome/143.0.0.0 Mobile Safari/537.36" www.location-appartement-vacances-corse.fr
2a02:810d:6893:5f00:1ca5:e22e:4c99:fa51 - - [01/Sep/2026:08:43:34 +0000] (0 s) "GET /assets/img/includes/carousel/appartement-f3-1er-etage/18.jpg HTTP/1.1" 200 297103 "https://www.location-appartement-vacances-corse.fr/appartement-f3-1er-etage" "Mozilla/5.0 (Linux; Android 10; K) AppleWebKit/537.36 (KHTML, like Gecko) SamsungBrowser/30.0 Chrome/143.0.0.0 Mobile Safari/537.36" www.location-appartement-vacances-corse.fr
2a02:810d:6893:5f00:1ca5:e22e:4c99:fa51 - - [01/Sep/2026:08:43:34 +0000] (0 s) "GET /assets/img/includes/carousel/appartement-f3-1er-etage/27.jpg HTTP/1.1" 200 367206 "https://www.location-appartement-vacances-corse.fr/appartement-f3-1er-etage" "Mozilla/5.0 (Linux; Android 10; K) AppleWebKit/537.36 (KHTML, like Gecko) SamsungBrowser/30.0 Chrome/143.0.0.0 Mobile Safari/537.36" www.location-appartement-vacances-corse.fr
2a02:810d:6893:5f00:1ca5:e22e:4c99:fa51 - - [01/Sep/2026:08:43:34 +0000] (0 s) "GET /assets/img/includes/logements/6.png HTTP/1.1" 200 95381 "https://www.location-appartement-vacances-corse.fr/appartement-f3-1er-etage" "Mozilla/5.0 (Linux; Android 10; K) AppleWebKit/537.36 (KHTML, like Gecko) SamsungBrowser/30.0 Chrome/143.0.0.0 Mobile Safari/537.36" www.location-appartement-vacances-corse.fr
2a02:810d:6893:5f00:1ca5:e22e:4c99:fa51 - - [01/Sep/2026:08:43:34 +0000] (0 s) "GET /assets/img/includes/logements/5.png HTTP/1.1" 200 127058 "https://www.location-appartement-vacances-corse.fr/appartement-f3-1er-etage" "Mozilla/5.0 (Linux; Android 10; K) AppleWebKit/537.36 (KHTML, like Gecko) SamsungBrowser/30.0 Chrome/143.0.0.0 Mobile Safari/537.36" www.location-appartement-vacances-corse.fr
2a02:810d:6893:5f00:1ca5:e22e:4c99:fa51 - - [01/Sep/2026:08:43:34 +0000] (0 s) "GET /assets/img/includes/logements/4.png HTTP/1.1" 200 79619 "https://www.location-appartement-vacances-corse.fr/appartement-f3-1er-etage" "Mozilla/5.0 (Linux; Android 10; K) AppleWebKit/537.36 (KHTML, like Gecko) SamsungBrowser/30.0 Chrome/143.0.0.0 Mobile Safari/537.36" www.location-appartement-vacances-corse.fr
2a02:810d:6893:5f00:1ca5:e22e:4c99:fa51 - - [01/Sep/2026:08:43:34 +0000] (0 s) "GET /assets/img/includes/logements/minia-villa.jpg HTTP/1.1" 200 160291 "https://www.location-appartement-vacances-corse.fr/appartement-f3-1er-etage" "Mozilla/5.0 (Linux; Android 10; K) AppleWebKit/537.36 (KHTML, like Gecko) SamsungBrowser/30.0 Chrome/143.0.0.0 Mobile Safari/537.36" www.location-appartement-vacances-corse.fr
2a02:810d:6893:5f00:1ca5:e22e:4c99:fa51 - - [01/Sep/2026:08:43:34 +0000] (0 s) "GET /build/images/bg.d6c9ec9c.png HTTP/1.1" 200 12705255 "https://www.location-appartement-vacances-corse.fr/build/app.css" "Mozilla/5.0 (Linux; Android 10; K) AppleWebKit/537.36 (KHTML, like Gecko) SamsungBrowser/30.0 Chrome/143.0.0.0 Mobile Safari/537.36" www.enlevement-epave-paris.fr
143.110.216.47 - - [01/Sep/2026:08:43:40 +0000] (0 s) "GET / HTTP/1.1" 200 4574 "http://www.enlevement-epave-paris.fr/" "Mozilla/5.0 (Windows NT 10.0; Win64; x64) AppleWebKit/537.36 (KHTML, like Gecko) Chrome/129.0.0.0 Safari/537.36 (StatusCake)" www.taxi-78.com
9.129.43.164 - - [01/Sep/2026:08:43:48 +0000] (0 s) "GET /taxi-les-mureaux HTTP/1.1" 200 12940 "-" "Mozilla/5.0 AppleWebKit/537.36 (KHTML, like Gecko); compatible; ChatGPT-User/1.0; +https://openai.com/bot" www.location-appartement-vacances-corse.fr
104.156.255.184 - - [01/Sep/2026:08:43:57 +0000] (0 s) "GET / HTTP/1.1" 200 12070 "http://www.location-appartement-vacances-corse.fr/" "Mozilla/5.0 (Windows NT 10.0; Win64; x64) AppleWebKit/537.36 (KHTML, like Gecko) Chrome/129.0.0.0 Safari/537.36 (StatusCake)" www.shinegis.mu
13.245.199.158 - - [01/Sep/2026:08:44:02 +0000] (0 s) "GET / HTTP/1.1" 200 4816 "-" "Mozilla/5.0 (Windows NT 10.0; Win64; x64) AppleWebKit/537.36 (KHTML, like Gecko) Chrome/129.0.0.0 Safari/537.36 (StatusCake)" www.volley92.asso.fr
159.223.74.121 - - [01/Sep/2026:08:44:07 +0000] (0 s) "GET / HTTP/1.1" 200 4649 "-" "Mozilla/5.0 (Windows NT 10.0; Win64; x64) AppleWebKit/537.36 (KHTML, like Gecko) Chrome/129.0.0.0 Safari/537.36 (StatusCake)" www.rh24.fr
216.238.76.215 - - [01/Sep/2026:08:44:11 +0000] (0 s) "GET / HTTP/1.1" 200 4243 "-" "Mozilla/5.0 (Windows NT 10.0; Win64; x64) AppleWebKit/537.36 (KHTML, like Gecko) Chrome/129.0.0.0 Safari/537.36 (StatusCake)" www.humitest.fr
165.22.210.218 - - [01/Sep/2026:08:44:14 +0000] (0 s) "GET / HTTP/1.1" 200 9818 "-" "Mozilla/5.0 (Windows NT 10.0; Win64; x64) AppleWebKit/537.36 (KHTML, like Gecko) Chrome/129.0.0.0 Safari/537.36 (StatusCake)" www.coaching-en-developpement-personnel.fr
198.199.100.13 - - [01/Sep/2026:08:44:21 +0000] (0 s) "GET / HTTP/1.1" 200 4558 "-" "Mozilla/5.0 (Windows NT 10.0; Win64; x64) AppleWebKit/537.36 (KHTML, like Gecko) Chrome/129.0.0.0 Safari/537.36 (StatusCake)" www.humitest.fr
195.178.110.155 - - [01/Sep/2026:08:44:40 +0000] (0 s) "GET /wp/index.php?rest_route=/batch/v1 HTTP/1.1" 200 9847 "https://domosystem.fr/wp/index.php?rest_route=/batch/v1" "Mozilla/5.0 (Windows NT 10.0; Win64; x64) AppleWebKit/537.36 (KHTML, like Gecko) Chrome/120.0.0.0 Safari/537.36" www.humitest.fr
195.178.110.155 - - [01/Sep/2026:08:44:45 +0000] (0 s) "GET /wp/index.php?rest_route=%2Fbatch%2Fv1 HTTP/1.1" 200 9844 "https://domosystem.fr/wp/index.php?rest_route=%2Fbatch%2Fv1" "Mozilla/5.0 (Windows NT 10.0; Win64; x64) AppleWebKit/537.36 (KHTML, like Gecko) Chrome/120.0.0.0 Safari/537.36" www.humitest.fr
195.178.110.155 - - [01/Sep/2026:08:44:50 +0000] (0 s) "GET /wp/?rest_route=%2Fbatch%2Fv1 HTTP/1.1" 404 3304 "https://domosystem.fr/wp/?rest_route=%2Fbatch%2Fv1" "Mozilla/5.0 (Windows NT 10.0; Win64; x64) AppleWebKit/537.36 (KHTML, like Gecko) Chrome/120.0.0.0 Safari/537.36" www.humitest.fr
195.178.110.155 - - [01/Sep/2026:08:44:51 +0000] (0 s) "GET /wp/?rest_route=/batch%2Fv1 HTTP/1.1" 404 3307 "https://domosystem.fr/wp/?rest_route=/batch%2Fv1" "Mozilla/5.0 (Windows NT 10.0; Win64; x64) AppleWebKit/537.36 (KHTML, like Gecko) Chrome/120.0.0.0 Safari/537.36" www.humitest.fr
195.178.110.155 - - [01/Sep/2026:08:44:55 +0000] (0 s) "GET / HTTP/1.1" 200 9821 "https://domo-system.fr/wp/index.php?rest_route=/batch/v1" "Mozilla/5.0 (Windows NT 10.0; Win64; x64) AppleWebKit/537.36 (KHTML, like Gecko) Chrome/120.0.0.0 Safari/537.36" www.humitest.fr
195.178.110.155 - - [01/Sep/2026:08:44:56 +0000] (0 s) "GET /wp/?rest_route=/batch/v1 HTTP/1.1" 404 3307 "https://domosystem.fr/wp/?rest_route=/batch/v1" "Mozilla/5.0 (Windows NT 10.0; Win64; x64) AppleWebKit/537.36 (KHTML, like Gecko) Chrome/120.0.0.0 Safari/537.36" www.humitest.fr
195.178.110.155 - - [01/Sep/2026:08:44:59 +0000] (0 s) "GET /wp/wp-json/batch/v1 HTTP/1.1" 404 3307 "https://domosystem.fr/wp/wp-json/batch/v1" "Mozilla/5.0 (Windows NT 10.0; Win64; x64) AppleWebKit/537.36 (KHTML, like Gecko) Chrome/120.0.0.0 Safari/537.36" www.humitest.fr
195.178.110.155 - - [01/Sep/2026:08:44:59 +0000] (0 s) "GET / HTTP/1.1" 200 9821 "https://domo-system.fr/wp/index.php?rest_route=%2Fbatch%2Fv1" "Mozilla/5.0 (Windows NT 10.0; Win64; x64) AppleWebKit/537.36 (KHTML, like Gecko) Chrome/120.0.0.0 Safari/537.36" www.humitest.fr
195.178.110.155 - - [01/Sep/2026:08:45:00 +0000] (0 s) "GET /wp/wp-json/Batch/v1 HTTP/1.1" 404 3305 "https://domosystem.fr/wp/wp-json/Batch/v1" "Mozilla/5.0 (Windows NT 10.0; Win64; x64) AppleWebKit/537.36 (KHTML, like Gecko) Chrome/120.0.0.0 Safari/537.36" www.humitest.fr
195.178.110.155 - - [01/Sep/2026:08:45:00 +0000] (0 s) "GET / HTTP/1.1" 200 9820 "https://domo-system.fr/wp/?rest_route=%2Fbatch%2Fv1" "Mozilla/5.0 (Windows NT 10.0; Win64; x64) AppleWebKit/537.36 (KHTML, like Gecko) Chrome/120.0.0.0 Safari/537.36" www.location-appartement-vacances-corse.fr
52.48.52.95 - - [01/Sep/2026:08:45:02 +0000] (0 s) "GET / HTTP/1.1" 200 12071 "http://www.location-appartement-vacances-corse.fr/" "Mozilla/5.0 (Windows NT 10.0; Win64; x64) AppleWebKit/537.36 (KHTML, like Gecko) Chrome/129.0.0.0 Safari/537.36 (StatusCake)" www.humitest.fr
195.178.110.155 - - [01/Sep/2026:08:45:02 +0000] (0 s) "GET / HTTP/1.1" 200 9821 "https://domo-system.fr/wp/?rest_route=/batch%2Fv1" "Mozilla/5.0 (Windows NT 10.0; Win64; x64) AppleWebKit/537.36 (KHTML, like Gecko) Chrome/120.0.0.0 Safari/537.36" www.humitest.fr
195.178.110.155 - - [01/Sep/2026:08:45:06 +0000] (0 s) "GET /wp//wp-json/batch/v1 HTTP/1.1" 404 3307 "https://domosystem.fr/wp//wp-json/batch/v1" "Mozilla/5.0 (Windows NT 10.0; Win64; x64) AppleWebKit/537.36 (KHTML, like Gecko) Chrome/120.0.0.0 Safari/537.36" www.humitest.fr
195.178.110.155 - - [01/Sep/2026:08:45:07 +0000] (0 s) "GET / HTTP/1.1" 200 9821 "https://domo-system.fr/wp/?rest_route=/batch/v1" "Mozilla/5.0 (Windows NT 10.0; Win64; x64) AppleWebKit/537.36 (KHTML, like Gecko) Chrome/120.0.0.0 Safari/537.36" www.shinegis.mu
34.65.116.80 - - [01/Sep/2026:08:45:07 +0000] (0 s) "GET / HTTP/1.1" 200 4816 "-" "Mozilla/5.0 (Windows NT 10.0; Win64; x64) AppleWebKit/537.36 (KHTML, like Gecko) Chrome/129.0.0.0 Safari/537.36 (StatusCake)" www.humitest.fr
195.178.110.155 - - [01/Sep/2026:08:45:08 +0000] (0 s) "GET /wp/wp-json/batch/v1/ HTTP/1.1" 404 3307 "https://domosystem.fr/wp/wp-json/batch/v1/" "Mozilla/5.0 (Windows NT 10.0; Win64; x64) AppleWebKit/537.36 (KHTML, like Gecko) Chrome/120.0.0.0 Safari/537.36" www.humitest.fr
195.178.110.155 - - [01/Sep/2026:08:45:10 +0000] (0 s) "GET / HTTP/1.1" 200 9821 "https://domo-system.fr/wp/wp-json/batch/v1" "Mozilla/5.0 (Windows NT 10.0; Win64; x64) AppleWebKit/537.36 (KHTML, like Gecko) Chrome/120.0.0.0 Safari/537.36" www.volley92.asso.fr
143.110.216.159 - - [01/Sep/2026:08:45:12 +0000] (0 s) "GET / HTTP/1.1" 200 4649 "-" "Mozilla/5.0 (Windows NT 10.0; Win64; x64) AppleWebKit/537.36 (KHTML, like Gecko) Chrome/129.0.0.0 Safari/537.36 (StatusCake)" www.humitest.fr
195.178.110.155 - - [01/Sep/2026:08:45:13 +0000] (0 s) "GET /wp/blog/wp-json/batch/v1 HTTP/1.1" 404 3307 "https://domosystem.fr/wp/blog/wp-json/batch/v1" "Mozilla/5.0 (Windows NT 10.0; Win64; x64) AppleWebKit/537.36 (KHTML, like Gecko) Chrome/120.0.0.0 Safari/537.36" www.humitest.fr
195.178.110.155 - - [01/Sep/2026:08:45:15 +0000] (0 s) "GET /wp/wordpress/wp-json/batch/v1 HTTP/1.1" 404 3304 "https://domosystem.fr/wp/wordpress/wp-json/batch/v1" "Mozilla/5.0 (Windows NT 10.0; Win64; x64) AppleWebKit/537.36 (KHTML, like Gecko) Chrome/120.0.0.0 Safari/537.36" www.humitest.fr
195.178.110.155 - - [01/Sep/2026:08:45:15 +0000] (0 s) "GET / HTTP/1.1" 200 9817 "https://domo-system.fr/wp/wp-json/Batch/v1" "Mozilla/5.0 (Windows NT 10.0; Win64; x64) AppleWebKit/537.36 (KHTML, like Gecko) Chrome/120.0.0.0 Safari/537.36" www.humitest.fr
195.178.110.155 - - [01/Sep/2026:08:45:19 +0000] (0 s) "GET /wp/index.php?rest_route=/batch/v1 HTTP/1.1" 200 9847 "https://domosystem.fr/wp/wp-admin/" "Mozilla/5.0 (Windows NT 10.0; Win64; x64) AppleWebKit/537.36 (KHTML, like Gecko) Chrome/120.0.0.0 Safari/537.36" www.humitest.fr
195.178.110.155 - - [01/Sep/2026:08:45:19 +0000] (0 s) "GET / HTTP/1.1" 200 9821 "https://domo-system.fr/wp//wp-json/batch/v1" "Mozilla/5.0 (Windows NT 10.0; Win64; x64) AppleWebKit/537.36 (KHTML, like Gecko) Chrome/120.0.0.0 Safari/537.36" www.humitest.fr
34.78.123.120 - - [01/Sep/2026:08:45:20 +0000] (0 s) "GET / HTTP/1.1" 200 9820 "-" "Mozilla/5.0 (Windows NT 10.0; Win64; x64) AppleWebKit/537.36 (KHTML, like Gecko) Chrome/129.0.0.0 Safari/537.36 (StatusCake)" www.volley92.asso.fr
37.67.97.76 - - [01/Sep/2026:08:45:20 +0000] (0 s) "GET / HTTP/1.1" 200 4649 "https://www.google.com/" "Mozilla/5.0 (Windows NT 10.0; Win64; x64) AppleWebKit/537.36 (KHTML, like Gecko) Chrome/152.0.0.0 Safari/537.36" www.volley92.asso.fr
37.67.97.76 - - [01/Sep/2026:08:45:21 +0000] (0 s) "GET /ffvolley-92-sportif-12 HTTP/1.1" 200 6292 "https://www.volley92.asso.fr/" "Mozilla/5.0 (Windows NT 10.0; Win64; x64) AppleWebKit/537.36 (KHTML, like Gecko) Chrome/152.0.0.0 Safari/537.36" www.humitest.fr
195.178.110.155 - - [01/Sep/2026:08:45:24 +0000] (0 s) "GET / HTTP/1.1" 200 9821 "https://domo-system.fr/wp/wp-json/batch/v1/" "Mozilla/5.0 (Windows NT 10.0; Win64; x64) AppleWebKit/537.36 (KHTML, like Gecko) Chrome/120.0.0.0 Safari/537.36" www.humitest.fr
195.178.110.155 - - [01/Sep/2026:08:45:26 +0000] (0 s) "GET /wp/index.php?rest_route=%2Fbatch%2Fv1 HTTP/1.1" 200 9847 "https://domosystem.fr/wp/wp-admin/" "Mozilla/5.0 (Windows NT 10.0; Win64; x64) AppleWebKit/537.36 (KHTML, like Gecko) Chrome/120.0.0.0 Safari/537.36" www.coaching-en-developpement-personnel.fr
45.76.192.50 - - [01/Sep/2026:08:45:26 +0000] (0 s) "GET / HTTP/1.1" 200 4558 "-" "Mozilla/5.0 (Windows NT 10.0; Win64; x64) AppleWebKit/537.36 (KHTML, like Gecko) Chrome/129.0.0.0 Safari/537.36 (StatusCake)" www.humitest.fr
195.178.110.155 - - [01/Sep/2026:08:45:37 +0000] (0 s) "GET / HTTP/1.1" 200 9820 "https://domo-system.fr/wp/wordpress/wp-json/batch/v1" "Mozilla/5.0 (Windows NT 10.0; Win64; x64) AppleWebKit/537.36 (KHTML, like Gecko) Chrome/120.0.0.0 Safari/537.36" www.humitest.fr
195.178.110.155 - - [01/Sep/2026:08:45:38 +0000] (0 s) "GET /wp/?rest_route=%2Fbatch%2Fv1 HTTP/1.1" 404 3307 "https://domosystem.fr/wp/wp-admin/" "Mozilla/5.0 (Windows NT 10.0; Win64; x64) AppleWebKit/537.36 (KHTML, like Gecko) Chrome/120.0.0.0 Safari/537.36" www.humitest.fr
195.178.110.155 - - [01/Sep/2026:08:45:41 +0000] (0 s) "GET /wp/?rest_route=/batch%2Fv1 HTTP/1.1" 404 3307 "https://domosystem.fr/wp/wp-admin/" "Mozilla/5.0 (Windows NT 10.0; Win64; x64) AppleWebKit/537.36 (KHTML, like Gecko) Chrome/120.0.0.0 Safari/537.36" www.humitest.fr
195.178.110.155 - - [01/Sep/2026:08:45:41 +0000] (0 s) "GET / HTTP/1.1" 200 9820 "https://domo-system.fr/wp/wp-admin/" "Mozilla/5.0 (Windows NT 10.0; Win64; x64) AppleWebKit/537.36 (KHTML, like Gecko) Chrome/120.0.0.0 Safari/537.36" www.humitest.fr
195.178.110.155 - - [01/Sep/2026:08:45:46 +0000] (0 s) "GET / HTTP/1.1" 200 9821 "https://domo-system.fr/wp/wp-admin/" "Mozilla/5.0 (Windows NT 10.0; Win64; x64) AppleWebKit/537.36 (KHTML, like Gecko) Chrome/120.0.0.0 Safari/537.36" www.humitest.fr
195.178.110.155 - - [01/Sep/2026:08:45:49 +0000] (0 s) "GET /wp/wp-json/batch/v1 HTTP/1.1" 404 3309 "https://domosystem.fr/wp/wp-admin/" "Mozilla/5.0 (Windows NT 10.0; Win64; x64) AppleWebKit/537.36 (KHTML, like Gecko) Chrome/120.0.0.0 Safari/537.36" www.enlevement-epave-paris.fr
45.76.192.50 - - [01/Sep/2026:08:45:51 +0000] (0 s) "GET / HTTP/1.1" 200 4574 "http://www.enlevement-epave-paris.fr/" "Mozilla/5.0 (Windows NT 10.0; Win64; x64) AppleWebKit/537.36 (KHTML, like Gecko) Chrome/129.0.0.0 Safari/537.36 (StatusCake)" www.humitest.fr
195.178.110.155 - - [01/Sep/2026:08:45:54 +0000] (0 s) "GET / HTTP/1.1" 200 9821 "https://domo-system.fr/wp/wp-admin/" "Mozilla/5.0 (Windows NT 10.0; Win64; x64) AppleWebKit/537.36 (KHTML, like Gecko) Chrome/120.0.0.0 Safari/537.36" www.humitest.fr
195.178.110.155 - - [01/Sep/2026:08:45:54 +0000] (0 s) "GET /wp/wp-json/Batch/v1 HTTP/1.1" 404 3307 "https://domosystem.fr/wp/wp-admin/" "Mozilla/5.0 (Windows NT 10.0; Win64; x64) AppleWebKit/537.36 (KHTML, like Gecko) Chrome/120.0.0.0 Safari/537.36" www.humitest.fr
195.178.110.155 - - [01/Sep/2026:08:46:00 +0000] (0 s) "GET /wp//wp-json/batch/v1 HTTP/1.1" 404 3307 "https://domosystem.fr/wp/wp-admin/" "Mozilla/5.0 (Windows NT 10.0; Win64; x64) AppleWebKit/537.36 (KHTML, like Gecko) Chrome/120.0.0.0 Safari/537.36" www.humitest.fr
195.178.110.155 - - [01/Sep/2026:08:46:01 +0000] (0 s) "GET / HTTP/1.1" 200 9820 "https://domo-system.fr/wp/wp-admin/" "Mozilla/5.0 (Windows NT 10.0; Win64; x64) AppleWebKit/537.36 (KHTML, like Gecko) Chrome/120.0.0.0 Safari/537.36" www.humitest.fr
195.178.110.155 - - [01/Sep/2026:08:46:05 +0000] (0 s) "GET /wp/wp-json/batch/v1/ HTTP/1.1" 404 3307 "https://domosystem.fr/wp/wp-admin/" "Mozilla/5.0 (Windows NT 10.0; Win64; x64) AppleWebKit/537.36 (KHTML, like Gecko) Chrome/120.0.0.0 Safari/537.36" www.humitest.fr
195.178.110.155 - - [01/Sep/2026:08:46:05 +0000] (0 s) "GET / HTTP/1.1" 200 9821 "https://domo-system.fr/wp/wp-admin/" "Mozilla/5.0 (Windows NT 10.0; Win64; x64) AppleWebKit/537.36 (KHTML, like Gecko) Chrome/120.0.0.0 Safari/537.36" www.location-appartement-vacances-corse.fr
34.163.147.250 - - [01/Sep/2026:08:46:06 +0000] (0 s) "GET / HTTP/1.1" 200 12084 "http://www.location-appartement-vacances-corse.fr/" "Mozilla/5.0 (Windows NT 10.0; Win64; x64) AppleWebKit/537.36 (KHTML, like Gecko) Chrome/129.0.0.0 Safari/537.36 (StatusCake)" www.humitest.fr
195.178.110.155 - - [01/Sep/2026:08:46:11 +0000] (0 s) "GET /wp/blog/wp-json/batch/v1 HTTP/1.1" 404 3308 "https://domosystem.fr/wp/wp-admin/" "Mozilla/5.0 (Windows NT 10.0; Win64; x64) AppleWebKit/537.36 (KHTML, like Gecko) Chrome/120.0.0.0 Safari/537.36" www.location-appartement-vacances-corse.fr
199.16.130.59 - - [01/Sep/2026:08:46:11 +0000] (0 s) "GET / HTTP/1.1" 200 12060 "https://devenir-libre.net" "WPMU DEV Broken Link Checker Local Engine" www.shinegis.mu
192.241.213.188 - - [01/Sep/2026:08:46:11 +0000] (0 s) "GET / HTTP/1.1" 200 4816 "-" "Mozilla/5.0 (Windows NT 10.0; Win64; x64) AppleWebKit/537.36 (KHTML, like Gecko) Chrome/129.0.0.0 Safari/537.36 (StatusCake)" www.humitest.fr
195.178.110.155 - - [01/Sep/2026:08:46:11 +0000] (0 s) "GET / HTTP/1.1" 200 9821 "https://domo-system.fr/wp/wp-admin/" "Mozilla/5.0 (Windows NT 10.0; Win64; x64) AppleWebKit/537.36 (KHTML, like Gecko) Chrome/120.0.0.0 Safari/537.36" www.humitest.fr
195.178.110.155 - - [01/Sep/2026:08:46:12 +0000] (0 s) "GET /wp/wordpress/wp-json/batch/v1 HTTP/1.1" 404 3307 "https://domosystem.fr/wp/wp-admin/" "Mozilla/5.0 (Windows NT 10.0; Win64; x64) AppleWebKit/537.36 (KHTML, like Gecko) Chrome/120.0.0.0 Safari/537.36" www.humitest.fr
195.178.110.155 - - [01/Sep/2026:08:46:16 +0000] (0 s) "GET / HTTP/1.1" 200 9821 "https://domo-system.fr/wp/wp-admin/" "Mozilla/5.0 (Windows NT 10.0; Win64; x64) AppleWebKit/537.36 (KHTML, like Gecko) Chrome/120.0.0.0 Safari/537.36" www.humitest.fr
195.178.110.155 - - [01/Sep/2026:08:46:16 +0000] (0 s) "GET /wp/index.php?rest_route=/batch/v1 HTTP/1.1" 200 9847 "https://domosystem.fr/wp/wp-admin/" "Mozilla/5.0 (Windows NT 10.0; Win64; x64) AppleWebKit/537.36 (KHTML, like Gecko) Chrome/120.0.0.0 Safari/537.36" www.volley92.asso.fr
45.77.235.246 - - [01/Sep/2026:08:46:17 +0000] (0 s) "GET / HTTP/1.1" 200 4649 "-" "Mozilla/5.0 (Windows NT 10.0; Win64; x64) AppleWebKit/537.36 (KHTML, like Gecko) Chrome/129.0.0.0 Safari/537.36 (StatusCake)" www.humitest.fr
195.178.110.155 - - [01/Sep/2026:08:46:20 +0000] (0 s) "GET /wp/index.php?rest_route=%2Fbatch%2Fv1 HTTP/1.1" 200 9847 "https://domosystem.fr/wp/wp-admin/" "Mozilla/5.0 (Windows NT 10.0; Win64; x64) AppleWebKit/537.36 (KHTML, like Gecko) Chrome/120.0.0.0 Safari/537.36" www.humitest.fr
195.178.110.155 - - [01/Sep/2026:08:46:21 +0000] (0 s) "GET / HTTP/1.1" 200 9820 "https://domo-system.fr/wp/wp-admin/" "Mozilla/5.0 (Windows NT 10.0; Win64; x64) AppleWebKit/537.36 (KHTML, like Gecko) Chrome/120.0.0.0 Safari/537.36" www.rh24.fr
45.32.145.79 - - [01/Sep/2026:08:46:21 +0000] (0 s) "GET / HTTP/1.1" 200 4243 "-" "Mozilla/5.0 (Windows NT 10.0; Win64; x64) AppleWebKit/537.36 (KHTML, like Gecko) Chrome/129.0.0.0 Safari/537.36 (StatusCake)" www.humitest.fr
195.178.110.155 - - [01/Sep/2026:08:46:22 +0000] (0 s) "GET / HTTP/1.1" 200 9821 "https://domo-system.fr/wp/wp-admin/" "Mozilla/5.0 (Windows NT 10.0; Win64; x64) AppleWebKit/537.36 (KHTML, like Gecko) Chrome/120.0.0.0 Safari/537.36" www.humitest.fr
66.42.84.197 - - [01/Sep/2026:08:46:24 +0000] (0 s) "GET / HTTP/1.1" 200 9821 "-" "Mozilla/5.0 (Windows NT 10.0; Win64; x64) AppleWebKit/537.36 (KHTML, like Gecko) Chrome/129.0.0.0 Safari/537.36 (StatusCake)" www.humitest.fr
195.178.110.155 - - [01/Sep/2026:08:46:27 +0000] (0 s) "GET / HTTP/1.1" 200 9821 "https://domo-system.fr/wp/wp-admin/" "Mozilla/5.0 (Windows NT 10.0; Win64; x64) AppleWebKit/537.36 (KHTML, like Gecko) Chrome/120.0.0.0 Safari/537.36" www.humitest.fr
195.178.110.155 - - [01/Sep/2026:08:46:28 +0000] (0 s) "GET /wp/?rest_route=%2Fbatch%2Fv1 HTTP/1.1" 404 3307 "https://domosystem.fr/wp/wp-admin/" "Mozilla/5.0 (Windows NT 10.0; Win64; x64) AppleWebKit/537.36 (KHTML, like Gecko) Chrome/120.0.0.0 Safari/537.36" www.humitest.fr
195.178.110.155 - - [01/Sep/2026:08:46:32 +0000] (0 s) "GET / HTTP/1.1" 200 9820 "https://domo-system.fr/wp/wp-admin/" "Mozilla/5.0 (Windows NT 10.0; Win64; x64) AppleWebKit/537.36 (KHTML, like Gecko) Chrome/120.0.0.0 Safari/537.36" www.humitest.fr
195.178.110.155 - - [01/Sep/2026:08:46:33 +0000] (0 s) "GET /wp/?rest_route=/batch%2Fv1 HTTP/1.1" 404 3306 "https://domosystem.fr/wp/wp-admin/" "Mozilla/5.0 (Windows NT 10.0; Win64; x64) AppleWebKit/537.36 (KHTML, like Gecko) Chrome/120.0.0.0 Safari/537.36" www.coaching-en-developpement-personnel.fr
45.63.104.11 - - [01/Sep/2026:08:46:34 +0000] (0 s) "GET / HTTP/1.1" 200 4558 "-" "Mozilla/5.0 (Windows NT 10.0; Win64; x64) AppleWebKit/537.36 (KHTML, like Gecko) Chrome/129.0.0.0 Safari/537.36 (StatusCake)" www.humitest.fr
195.178.110.155 - - [01/Sep/2026:08:46:34 +0000] (0 s) "GET / HTTP/1.1" 200 9821 "https://domo-system.fr/wp/wp-admin/" "Mozilla/5.0 (Windows NT 10.0; Win64; x64) AppleWebKit/537.36 (KHTML, like Gecko) Chrome/120.0.0.0 Safari/537.36" www.humitest.fr
195.178.110.155 - - [01/Sep/2026:08:46:38 +0000] (0 s) "GET /wp/?rest_route=/batch/v1 HTTP/1.1" 404 3306 "https://domosystem.fr/wp/wp-admin/" "Mozilla/5.0 (Windows NT 10.0; Win64; x64) AppleWebKit/537.36 (KHTML, like Gecko) Chrome/120.0.0.0 Safari/537.36" www.humitest.fr
195.178.110.155 - - [01/Sep/2026:08:46:39 +0000] (0 s) "GET / HTTP/1.1" 200 9821 "https://domo-system.fr/wp/wp-admin/" "Mozilla/5.0 (Windows NT 10.0; Win64; x64) AppleWebKit/537.36 (KHTML, like Gecko) Chrome/120.0.0.0 Safari/537.36" www.humitest.fr
195.178.110.155 - - [01/Sep/2026:08:46:43 +0000] (0 s) "GET /wp/wp-json/batch/v1 HTTP/1.1" 404 3307 "https://domosystem.fr/wp/wp-admin/" "Mozilla/5.0 (Windows NT 10.0; Win64; x64) AppleWebKit/537.36 (KHTML, like Gecko) Chrome/120.0.0.0 Safari/537.36" www.humitest.fr
195.178.110.155 - - [01/Sep/2026:08:46:45 +0000] (0 s) "GET /wp/wp-json/Batch/v1 HTTP/1.1" 404 3306 "https://domosystem.fr/wp/wp-admin/" "Mozilla/5.0 (Windows NT 10.0; Win64; x64) AppleWebKit/537.36 (KHTML, like Gecko) Chrome/120.0.0.0 Safari/537.36" www.humitest.fr
195.178.110.155 - - [01/Sep/2026:08:46:45 +0000] (0 s) "GET / HTTP/1.1" 200 9820 "https://domo-system.fr/wp/wp-admin/" "Mozilla/5.0 (Windows NT 10.0; Win64; x64) AppleWebKit/537.36 (KHTML, like Gecko) Chrome/120.0.0.0 Safari/537.36" www.humitest.fr
195.178.110.155 - - [01/Sep/2026:08:46:51 +0000] (0 s) "GET /wp//wp-json/batch/v1 HTTP/1.1" 404 3307 "https://domosystem.fr/wp/wp-admin/" "Mozilla/5.0 (Windows NT 10.0; Win64; x64) AppleWebKit/537.36 (KHTML, like Gecko) Chrome/120.0.0.0 Safari/537.36" www.humitest.fr
195.178.110.155 - - [01/Sep/2026:08:46:51 +0000] (0 s) "GET / HTTP/1.1" 200 9820 "https://domo-system.fr/wp/wp-admin/" "Mozilla/5.0 (Windows NT 10.0; Win64; x64) AppleWebKit/537.36 (KHTML, like Gecko) Chrome/120.0.0.0 Safari/537.36" www.humitest.fr
195.178.110.155 - - [01/Sep/2026:08:46:56 +0000] (0 s) "GET /wp/wp-json/batch/v1/ HTTP/1.1" 404 3307 "https://domosystem.fr/wp/wp-admin/" "Mozilla/5.0 (Windows NT 10.0; Win64; x64) AppleWebKit/537.36 (KHTML, like Gecko) Chrome/120.0.0.0 Safari/537.36" www.humitest.fr
195.178.110.155 - - [01/Sep/2026:08:47:01 +0000] (0 s) "GET / HTTP/1.1" 200 9821 "https://domo-system.fr/wp/wp-admin/" "Mozilla/5.0 (Windows NT 10.0; Win64; x64) AppleWebKit/537.36 (KHTML, like Gecko) Chrome/120.0.0.0 Safari/537.36" www.humitest.fr
195.178.110.155 - - [01/Sep/2026:08:47:01 +0000] (0 s) "GET /wp/blog/wp-json/batch/v1 HTTP/1.1" 404 3307 "https://domosystem.fr/wp/wp-admin/" "Mozilla/5.0 (Windows NT 10.0; Win64; x64) AppleWebKit/537.36 (KHTML, like Gecko) Chrome/120.0.0.0 Safari/537.36" www.volley92.asso.fr
2a02:8428:4824:1401:f840:1ddd:601:e5 - - [01/Sep/2026:08:47:02 +0000] (0 s) "GET /ffvolley-92-sportif-12 HTTP/1.1" 200 6292 "-" "WhatsApp/2.23.20.0" www.humitest.fr
195.178.110.155 - - [01/Sep/2026:08:47:05 +0000] (0 s) "GET / HTTP/1.1" 200 9821 "https://domo-system.fr/wp/wp-admin/" "Mozilla/5.0 (Windows NT 10.0; Win64; x64) AppleWebKit/537.36 (KHTML, like Gecko) Chrome/120.0.0.0 Safari/537.36" www.enlevement-epave-paris.fr
195.178.110.155 - - [01/Sep/2026:08:47:07 +0000] (0 s) "GET /wp-json/ HTTP/1.1" 404 9282 "http://enlevement-epave-paris.fr/wp-json/" "Mozilla/5.0 (Windows NT 10.0; Win64; x64) AppleWebKit/537.36 (KHTML, like Gecko) Chrome/120.0.0.0 Safari/537.36" www.humitest.fr
195.178.110.155 - - [01/Sep/2026:08:47:08 +0000] (0 s) "GET /wp/wordpress/wp-json/batch/v1 HTTP/1.1" 404 3307 "https://domosystem.fr/wp/wp-admin/" "Mozilla/5.0 (Windows NT 10.0; Win64; x64) AppleWebKit/537.36 (KHTML, like Gecko) Chrome/120.0.0.0 Safari/537.36" www.enlevement-epave-paris.fr
195.178.110.155 - - [01/Sep/2026:08:47:08 +0000] (0 s) "GET /index.php?rest_route=/batch/v1 HTTP/1.1" 200 4574 "http://enlevement-epave-paris.fr/index.php?rest_route=/batch/v1" "Mozilla/5.0 (Windows NT 10.0; Win64; x64) AppleWebKit/537.36 (KHTML, like Gecko) Chrome/120.0.0.0 Safari/537.36" www.location-appartement-vacances-corse.fr
167.71.143.76 - - [01/Sep/2026:08:47:11 +0000] (0 s) "GET / HTTP/1.1" 200 12068 "http://www.location-appartement-vacances-corse.fr/" "Mozilla/5.0 (Windows NT 10.0; Win64; x64) AppleWebKit/537.36 (KHTML, like Gecko) Chrome/129.0.0.0 Safari/537.36 (StatusCake)" www.enlevement-epave-paris.fr
195.178.110.155 - - [01/Sep/2026:08:47:13 +0000] (0 s) "GET /index.php?rest_route=%2Fbatch%2Fv1 HTTP/1.1" 200 4574 "http://enlevement-epave-paris.fr/index.php?rest_route=%2Fbatch%2Fv1" "Mozilla/5.0 (Windows NT 10.0; Win64; x64) AppleWebKit/537.36 (KHTML, like Gecko) Chrome/120.0.0.0 Safari/537.36" www.humitest.fr
195.178.110.155 - - [01/Sep/2026:08:47:13 +0000] (0 s) "GET /wp/index.php?rest_route=/batch/v1 HTTP/1.1" 200 9847 "https://domosystem.fr/wp/wp-admin/" "Mozilla/5.0 (Windows NT 10.0; Win64; x64) AppleWebKit/537.36 (KHTML, like Gecko) Chrome/120.0.0.0 Safari/537.36" www.humitest.fr
195.178.110.155 - - [01/Sep/2026:08:47:13 +0000] (0 s) "GET / HTTP/1.1" 200 9820 "https://domo-system.fr/wp/wp-admin/" "Mozilla/5.0 (Windows NT 10.0; Win64; x64) AppleWebKit/537.36 (KHTML, like Gecko) Chrome/120.0.0.0 Safari/537.36" www.enlevement-epave-paris.fr
195.178.110.155 - - [01/Sep/2026:08:47:16 +0000] (0 s) "GET /?rest_route=%2Fbatch%2Fv1 HTTP/1.1" 200 4574 "http://enlevement-epave-paris.fr/?rest_route=%2Fbatch%2Fv1" "Mozilla/5.0 (Windows NT 10.0; Win64; x64) AppleWebKit/537.36 (KHTML, like Gecko) Chrome/120.0.0.0 Safari/537.36" www.shinegis.mu
45.32.183.128 - - [01/Sep/2026:08:47:16 +0000] (0 s) "GET / HTTP/1.1" 200 4816 "-" "Mozilla/5.0 (Windows NT 10.0; Win64; x64) AppleWebKit/537.36 (KHTML, like Gecko) Chrome/129.0.0.0 Safari/537.36 (StatusCake)" www.humitest.fr
195.178.110.155 - - [01/Sep/2026:08:47:17 +0000] (0 s) "GET /wp/index.php?rest_route=%2Fbatch%2Fv1 HTTP/1.1" 200 9847 "https://domosystem.fr/wp/wp-admin/" "Mozilla/5.0 (Windows NT 10.0; Win64; x64) AppleWebKit/537.36 (KHTML, like Gecko) Chrome/120.0.0.0 Safari/537.36" www.enlevement-epave-paris.fr
195.178.110.155 - - [01/Sep/2026:08:47:19 +0000] (0 s) "GET /?rest_route=/batch%2Fv1 HTTP/1.1" 200 4574 "http://enlevement-epave-paris.fr/?rest_route=/batch%2Fv1" "Mozilla/5.0 (Windows NT 10.0; Win64; x64) AppleWebKit/537.36 (KHTML, like Gecko) Chrome/120.0.0.0 Safari/537.36" www.volley92.asso.fr
34.165.13.190 - - [01/Sep/2026:08:47:21 +0000] (0 s) "GET / HTTP/1.1" 200 4649 "-" "Mozilla/5.0 (Windows NT 10.0; Win64; x64) AppleWebKit/537.36 (KHTML, like Gecko) Chrome/129.0.0.0 Safari/537.36 (StatusCake)" www.enlevement-epave-paris.fr
195.178.110.155 - - [01/Sep/2026:08:47:24 +0000] (0 s) "GET /?rest_route=/batch/v1 HTTP/1.1" 200 4574 "http://enlevement-epave-paris.fr/?rest_route=/batch/v1" "Mozilla/5.0 (Windows NT 10.0; Win64; x64) AppleWebKit/537.36 (KHTML, like Gecko) Chrome/120.0.0.0 Safari/537.36" www.humitest.fr
195.178.110.155 - - [01/Sep/2026:08:47:24 +0000] (0 s) "GET / HTTP/1.1" 200 9820 "https://domo-system.fr/wp/wp-admin/" "Mozilla/5.0 (Windows NT 10.0; Win64; x64) AppleWebKit/537.36 (KHTML, like Gecko) Chrome/120.0.0.0 Safari/537.36" www.humitest.fr
195.178.110.155 - - [01/Sep/2026:08:47:24 +0000] (0 s) "GET /wp/?rest_route=%2Fbatch%2Fv1 HTTP/1.1" 404 3304 "https://domosystem.fr/wp/wp-admin/" "Mozilla/5.0 (Windows NT 10.0; Win64; x64) AppleWebKit/537.36 (KHTML, like Gecko) Chrome/120.0.0.0 Safari/537.36" www.enlevement-epave-paris.fr
195.178.110.155 - - [01/Sep/2026:08:47:28 +0000] (0 s) "GET /wp-json/batch/v1 HTTP/1.1" 404 9282 "http://enlevement-epave-paris.fr/wp-json/batch/v1" "Mozilla/5.0 (Windows NT 10.0; Win64; x64) AppleWebKit/537.36 (KHTML, like Gecko) Chrome/120.0.0.0 Safari/537.36" www.humitest.fr
195.178.110.155 - - [01/Sep/2026:08:47:28 +0000] (0 s) "GET / HTTP/1.1" 200 9820 "https://domo-system.fr/wp/wp-admin/" "Mozilla/5.0 (Windows NT 10.0; Win64; x64) AppleWebKit/537.36 (KHTML, like Gecko) Chrome/120.0.0.0 Safari/537.36" www.humitest.fr
195.178.110.155 - - [01/Sep/2026:08:47:29 +0000] (0 s) "GET / HTTP/1.1" 200 9821 "https://domo-system.fr/wp/wp-admin/" "Mozilla/5.0 (Windows NT 10.0; Win64; x64) AppleWebKit/537.36 (KHTML, like Gecko) Chrome/120.0.0.0 Safari/537.36" www.enlevement-epave-paris.fr
195.178.110.155 - - [01/Sep/2026:08:47:29 +0000] (0 s) "GET /wp-json/Batch/v1 HTTP/1.1" 404 9282 "http://enlevement-epave-paris.fr/wp-json/Batch/v1" "Mozilla/5.0 (Windows NT 10.0; Win64; x64) AppleWebKit/537.36 (KHTML, like Gecko) Chrome/120.0.0.0 Safari/537.36" www.humitest.fr
195.178.110.155 - - [01/Sep/2026:08:47:29 +0000] (0 s) "GET /wp/?rest_route=/batch%2Fv1 HTTP/1.1" 404 3305 "https://domosystem.fr/wp/wp-admin/" "Mozilla/5.0 (Windows NT 10.0; Win64; x64) AppleWebKit/537.36 (KHTML, like Gecko) Chrome/120.0.0.0 Safari/537.36" www.humitest.fr
35.197.232.17 - - [01/Sep/2026:08:47:30 +0000] (0 s) "GET / HTTP/1.1" 200 9821 "-" "Mozilla/5.0 (Windows NT 10.0; Win64; x64) AppleWebKit/537.36 (KHTML, like Gecko) Chrome/129.0.0.0 Safari/537.36 (StatusCake)" www.enlevement-epave-paris.fr
195.178.110.155 - - [01/Sep/2026:08:47:32 +0000] (0 s) "GET /livewire/update HTTP/1.1" 404 9282 "https://enlevement-epave-paris.fr/livewire/update" "Mozilla/5.0" www.humitest.fr
195.178.110.155 - - [01/Sep/2026:08:47:32 +0000] (0 s) "GET /wp/?rest_route=/batch/v1 HTTP/1.1" 404 3307 "https://domosystem.fr/wp/wp-admin/" "Mozilla/5.0 (Windows NT 10.0; Win64; x64) AppleWebKit/537.36 (KHTML, like Gecko) Chrome/120.0.0.0 Safari/537.36" www.enlevement-epave-paris.fr
