13.245.222.203 - - [04/Sep/2026:01:02:00 +0000] (0 s) "GET / HTTP/1.1" 200 4649 "-" "Mozilla/5.0 (Windows NT 10.0; Win64; x64) AppleWebKit/537.36 (KHTML, like Gecko) Chrome/129.0.0.0 Safari/537.36 (StatusCake)" www.location-appartement-vacances-corse.fr
143.110.177.18 - - [04/Sep/2026:01:02:06 +0000] (0 s) "GET / HTTP/1.1" 200 12078 "http://www.location-appartement-vacances-corse.fr/" "Mozilla/5.0 (Windows NT 10.0; Win64; x64) AppleWebKit/537.36 (KHTML, like Gecko) Chrome/129.0.0.0 Safari/537.36 (StatusCake)" www.rh24.fr
164.92.82.20 - - [04/Sep/2026:01:02:14 +0000] (0 s) "GET /Mentions-legales HTTP/1.1" 200 2674 "https://www.google.com/search?q=rh24" "Mozilla/5.0 (Macintosh; Intel Mac OS X 10_15_7) AppleWebKit/537.36 (KHTML, like Gecko) Chrome/135.0.0.0 Safari/537.36" www.rh24.fr
45.63.61.213 - - [04/Sep/2026:01:02:31 +0000] (0 s) "GET / HTTP/1.1" 200 4290 "-" "Mozilla/5.0 (Windows NT 10.0; Win64; x64) AppleWebKit/537.36 (KHTML, like Gecko) Chrome/129.0.0.0 Safari/537.36 (StatusCake)" www.shinegis.mu
34.95.163.121 - - [04/Sep/2026:01:02:36 +0000] (0 s) "GET / HTTP/1.1" 200 4816 "-" "Mozilla/5.0 (Windows NT 10.0; Win64; x64) AppleWebKit/537.36 (KHTML, like Gecko) Chrome/129.0.0.0 Safari/537.36 (StatusCake)" www.coaching-en-developpement-personnel.fr
216.238.73.102 - - [04/Sep/2026:01:02:38 +0000] (0 s) "GET / HTTP/1.1" 200 4558 "-" "Mozilla/5.0 (Windows NT 10.0; Win64; x64) AppleWebKit/537.36 (KHTML, like Gecko) Chrome/129.0.0.0 Safari/537.36 (StatusCake)" www.humitest.fr
45.63.104.11 - - [04/Sep/2026:01:02:39 +0000] (0 s) "GET / HTTP/1.1" 200 9821 "-" "Mozilla/5.0 (Windows NT 10.0; Win64; x64) AppleWebKit/537.36 (KHTML, like Gecko) Chrome/129.0.0.0 Safari/537.36 (StatusCake)" www.enlevement-epave-paris.fr
174.138.57.253 - - [04/Sep/2026:01:02:50 +0000] (0 s) "GET / HTTP/1.1" 200 4574 "http://www.enlevement-epave-paris.fr/" "Mozilla/5.0 (Windows NT 10.0; Win64; x64) AppleWebKit/537.36 (KHTML, like Gecko) Chrome/129.0.0.0 Safari/537.36 (StatusCake)" www.volley92.asso.fr
54.170.7.14 - - [04/Sep/2026:01:03:04 +0000] (0 s) "GET / HTTP/1.1" 200 4649 "-" "Mozilla/5.0 (Windows NT 10.0; Win64; x64) AppleWebKit/537.36 (KHTML, like Gecko) Chrome/129.0.0.0 Safari/537.36 (StatusCake)" www.location-appartement-vacances-corse.fr
45.63.76.68 - - [04/Sep/2026:01:03:12 +0000] (0 s) "GET / HTTP/1.1" 200 12074 "http://www.location-appartement-vacances-corse.fr/" "Mozilla/5.0 (Windows NT 10.0; Win64; x64) AppleWebKit/537.36 (KHTML, like Gecko) Chrome/129.0.0.0 Safari/537.36 (StatusCake)" www.humitest.fr
80.79.5.250 - - [04/Sep/2026:01:03:36 +0000] (0 s) "GET / HTTP/1.1" 200 9818 "https://domo-system.fr" "Mozilla/5.0 (Macintosh; Intel Mac OS X 14_4_1) AppleWebKit/605.1.15 (KHTML, like Gecko) Version/17.3.1 Safari/605.1.15" www.shinegis.mu
159.223.74.121 - - [04/Sep/2026:01:03:41 +0000] (0 s) "GET / HTTP/1.1" 200 4816 "-" "Mozilla/5.0 (Windows NT 10.0; Win64; x64) AppleWebKit/537.36 (KHTML, like Gecko) Chrome/129.0.0.0 Safari/537.36 (StatusCake)" www.coaching-en-developpement-personnel.fr
216.238.76.215 - - [04/Sep/2026:01:03:44 +0000] (0 s) "GET / HTTP/1.1" 200 4558 "-" "Mozilla/5.0 (Windows NT 10.0; Win64; x64) AppleWebKit/537.36 (KHTML, like Gecko) Chrome/129.0.0.0 Safari/537.36 (StatusCake)" www.humitest.fr
167.172.173.165 - - [04/Sep/2026:01:03:45 +0000] (0 s) "GET / HTTP/1.1" 200 9820 "-" "Mozilla/5.0 (Windows NT 10.0; Win64; x64) AppleWebKit/537.36 (KHTML, like Gecko) Chrome/129.0.0.0 Safari/537.36 (StatusCake)" www.humitest.fr
163.172.7.108 - - [04/Sep/2026:01:04:01 +0000] (0 s) "GET /media/cache/thumb/upload/product/616d673b93885867319004.jpg HTTP/1.1" 200 4309 "-" "LimbesBot/1.0" www.volley92.asso.fr
34.118.53.12 - - [04/Sep/2026:01:04:08 +0000] (0 s) "GET / HTTP/1.1" 200 4649 "-" "Mozilla/5.0 (Windows NT 10.0; Win64; x64) AppleWebKit/537.36 (KHTML, like Gecko) Chrome/129.0.0.0 Safari/537.36 (StatusCake)" www.location-appartement-vacances-corse.fr
216.238.73.102 - - [04/Sep/2026:01:04:19 +0000] (0 s) "GET / HTTP/1.1" 200 12064 "http://www.location-appartement-vacances-corse.fr/" "Mozilla/5.0 (Windows NT 10.0; Win64; x64) AppleWebKit/537.36 (KHTML, like Gecko) Chrome/129.0.0.0 Safari/537.36 (StatusCake)" www.rh24.fr
45.32.195.225 - - [04/Sep/2026:01:04:40 +0000] (0 s) "GET / HTTP/1.1" 200 4290 "-" "Mozilla/5.0 (Windows NT 10.0; Win64; x64) AppleWebKit/537.36 (KHTML, like Gecko) Chrome/129.0.0.0 Safari/537.36 (StatusCake)" www.shinegis.mu
34.65.116.80 - - [04/Sep/2026:01:04:45 +0000] (0 s) "GET / HTTP/1.1" 200 4816 "-" "Mozilla/5.0 (Windows NT 10.0; Win64; x64) AppleWebKit/537.36 (KHTML, like Gecko) Chrome/129.0.0.0 Safari/537.36 (StatusCake)" www.humitest.fr
34.165.120.108 - - [04/Sep/2026:01:04:49 +0000] (0 s) "GET / HTTP/1.1" 200 9820 "-" "Mozilla/5.0 (Windows NT 10.0; Win64; x64) AppleWebKit/537.36 (KHTML, like Gecko) Chrome/129.0.0.0 Safari/537.36 (StatusCake)" www.coaching-en-developpement-personnel.fr
34.141.16.202 - - [04/Sep/2026:01:04:50 +0000] (0 s) "GET / HTTP/1.1" 200 4558 "-" "Mozilla/5.0 (Windows NT 10.0; Win64; x64) AppleWebKit/537.36 (KHTML, like Gecko) Chrome/129.0.0.0 Safari/537.36 (StatusCake)" www.rh24.fr
137.184.6.187 - - [04/Sep/2026:01:05:04 +0000] (0 s) "GET /Mentions-legales HTTP/1.1" 200 2674 "https://www.google.com/search?q=rh24" "Mozilla/5.0 (Macintosh; Intel Mac OS X 10_15_7) AppleWebKit/537.36 (KHTML, like Gecko) Chrome/143.0.0.0 Safari/537.36" www.enlevement-epave-paris.fr
159.223.74.121 - - [04/Sep/2026:01:05:04 +0000] (0 s) "GET / HTTP/1.1" 200 4574 "http://www.enlevement-epave-paris.fr/" "Mozilla/5.0 (Windows NT 10.0; Win64; x64) AppleWebKit/537.36 (KHTML, like Gecko) Chrome/129.0.0.0 Safari/537.36 (StatusCake)" www.chauffagiste-essonne.com
56.155.105.211 - - [04/Sep/2026:01:05:10 +0000] (0 s) "GET /.git/config HTTP/1.1" 200 1789 "-" "Mozilla/5.0 (Windows NT 10.0; Win64; x64) AppleWebKit/537.36 (KHTML, like Gecko) Chrome/131.0.0.0 Safari/537.36" www.volley92.asso.fr
34.102.121.250 - - [04/Sep/2026:01:05:13 +0000] (0 s) "GET / HTTP/1.1" 200 4649 "-" "Mozilla/5.0 (Windows NT 10.0; Win64; x64) AppleWebKit/537.36 (KHTML, like Gecko) Chrome/129.0.0.0 Safari/537.36 (StatusCake)" www.chauffagiste-essonne.com
56.155.105.211 - - [04/Sep/2026:01:05:14 +0000] (0 s) "GET /.env.remote HTTP/1.1" 200 1789 "-" "Mozilla/5.0 (Windows NT 10.0; Win64; x64) AppleWebKit/537.36 (KHTML, like Gecko) Chrome/131.0.0.0 Safari/537.36" www.chauffagiste-essonne.com
56.155.105.211 - - [04/Sep/2026:01:05:19 +0000] (0 s) "GET /.env.ci HTTP/1.1" 200 1789 "-" "Mozilla/5.0 (Windows NT 10.0; Win64; x64) AppleWebKit/537.36 (KHTML, like Gecko) Chrome/131.0.0.0 Safari/537.36" www.coaching-en-developpement-personnel.fr
34.66.64.131 - - [04/Sep/2026:01:05:19 +0000] (0 s) "GET / HTTP/1.1" 200 4558 "-" "Ruby" www.chauffagiste-essonne.com
56.155.105.211 - - [04/Sep/2026:01:05:19 +0000] (0 s) "GET /.env.live HTTP/1.1" 200 1789 "-" "Mozilla/5.0 (Windows NT 10.0; Win64; x64) AppleWebKit/537.36 (KHTML, like Gecko) Chrome/131.0.0.0 Safari/537.36" www.chauffagiste-essonne.com
56.155.105.211 - - [04/Sep/2026:01:05:20 +0000] (0 s) "GET /.env.preprod HTTP/1.1" 200 1789 "-" "Mozilla/5.0 (Windows NT 10.0; Win64; x64) AppleWebKit/537.36 (KHTML, like Gecko) Chrome/131.0.0.0 Safari/537.36" www.chauffagiste-essonne.com
56.155.105.211 - - [04/Sep/2026:01:05:20 +0000] (0 s) "GET /.env.uat HTTP/1.1" 200 1789 "-" "Mozilla/5.0 (Windows NT 10.0; Win64; x64) AppleWebKit/537.36 (KHTML, like Gecko) Chrome/131.0.0.0 Safari/537.36" www.coaching-en-developpement-personnel.fr
34.66.64.131 - - [04/Sep/2026:01:05:21 +0000] (0 s) "GET /robots.txt HTTP/1.1" 404 3726 "-" "Mozilla/5.0 (Windows NT 5.1; rv:47.0) Gecko/20100101 Firefox/47.0" www.coaching-en-developpement-personnel.fr
34.66.64.131 - - [04/Sep/2026:01:05:21 +0000] (0 s) "GET /robots.txt HTTP/1.1" 404 3726 "http://www.jlf-conseil.com/" "Mozilla/5.0 (Windows NT 5.1; rv:47.0) Gecko/20100101 Firefox/47.0" www.coaching-en-developpement-personnel.fr
34.66.64.131 - - [04/Sep/2026:01:05:22 +0000] (0 s) "GET / HTTP/1.1" 200 4558 "-" "Mozilla/5.0 (Windows NT 5.1; rv:47.0) Gecko/20100101 Firefox/47.0" www.chauffagiste-essonne.com
56.155.105.211 - - [04/Sep/2026:01:05:22 +0000] (0 s) "GET /.env1 HTTP/1.1" 200 1789 "-" "Mozilla/5.0 (Windows NT 10.0; Win64; x64) AppleWebKit/537.36 (KHTML, like Gecko) Chrome/131.0.0.0 Safari/537.36" www.chauffagiste-essonne.com
56.155.105.211 - - [04/Sep/2026:01:05:23 +0000] (0 s) "GET /.env2 HTTP/1.1" 200 1789 "-" "Mozilla/5.0 (Windows NT 10.0; Win64; x64) AppleWebKit/537.36 (KHTML, like Gecko) Chrome/131.0.0.0 Safari/537.36" www.chauffagiste-essonne.com
56.155.105.211 - - [04/Sep/2026:01:05:23 +0000] (0 s) "GET /.env_copy HTTP/1.1" 200 1789 "-" "Mozilla/5.0 (Windows NT 10.0; Win64; x64) AppleWebKit/537.36 (KHTML, like Gecko) Chrome/131.0.0.0 Safari/537.36" www.coaching-en-developpement-personnel.fr
34.66.64.131 - - [04/Sep/2026:01:05:22 +0000] (0 s) "GET /contact HTTP/1.1" 200 2932 "https://www.coaching-en-developpement-personnel.fr/" "Mozilla/5.0 (Windows NT 5.1; rv:47.0) Gecko/20100101 Firefox/47.0" www.chauffagiste-essonne.com
56.155.105.211 - - [04/Sep/2026:01:05:23 +0000] (0 s) "GET /.env.txt HTTP/1.1" 404 1789 "-" "Mozilla/5.0 (Windows NT 10.0; Win64; x64) AppleWebKit/537.36 (KHTML, like Gecko) Chrome/131.0.0.0 Safari/537.36" www.coaching-en-developpement-personnel.fr
34.66.64.131 - - [04/Sep/2026:01:05:24 +0000] (0 s) "GET /coaching HTTP/1.1" 200 2567 "https://www.coaching-en-developpement-personnel.fr/contact" "Mozilla/5.0 (Windows NT 5.1; rv:47.0) Gecko/20100101 Firefox/47.0" www.chauffagiste-essonne.com
56.155.105.211 - - [04/Sep/2026:01:05:24 +0000] (0 s) "GET /.env.json HTTP/1.1" 200 1789 "-" "Mozilla/5.0 (Windows NT 10.0; Win64; x64) AppleWebKit/537.36 (KHTML, like Gecko) Chrome/131.0.0.0 Safari/537.36" www.chauffagiste-essonne.com
56.155.105.211 - - [04/Sep/2026:01:05:24 +0000] (0 s) "GET /.env.yaml HTTP/1.1" 200 1789 "-" "Mozilla/5.0 (Windows NT 10.0; Win64; x64) AppleWebKit/537.36 (KHTML, like Gecko) Chrome/131.0.0.0 Safari/537.36" www.coaching-en-developpement-personnel.fr
34.66.64.131 - - [04/Sep/2026:01:05:24 +0000] (0 s) "GET /formation/ HTTP/1.1" 200 1897 "https://www.coaching-en-developpement-personnel.fr/coaching" "Mozilla/5.0 (Windows NT 5.1; rv:47.0) Gecko/20100101 Firefox/47.0" www.chauffagiste-essonne.com
56.155.105.211 - - [04/Sep/2026:01:05:25 +0000] (0 s) "GET /.env.yml HTTP/1.1" 200 1789 "-" "Mozilla/5.0 (Windows NT 10.0; Win64; x64) AppleWebKit/537.36 (KHTML, like Gecko) Chrome/131.0.0.0 Safari/537.36" www.coaching-en-developpement-personnel.fr
34.66.64.131 - - [04/Sep/2026:01:05:25 +0000] (0 s) "GET /a_propos HTTP/1.1" 200 3576 "https://www.coaching-en-developpement-personnel.fr/formation/" "Mozilla/5.0 (Windows NT 5.1; rv:47.0) Gecko/20100101 Firefox/47.0" www.location-appartement-vacances-corse.fr
140.82.4.219 - - [04/Sep/2026:01:05:25 +0000] (0 s) "GET / HTTP/1.1" 200 12070 "http://www.location-appartement-vacances-corse.fr/" "Mozilla/5.0 (Windows NT 10.0; Win64; x64) AppleWebKit/537.36 (KHTML, like Gecko) Chrome/129.0.0.0 Safari/537.36 (StatusCake)" www.chauffagiste-essonne.com
56.155.105.211 - - [04/Sep/2026:01:05:26 +0000] (0 s) "GET /apps/.env HTTP/1.1" 200 1789 "-" "Mozilla/5.0 (Windows NT 10.0; Win64; x64) AppleWebKit/537.36 (KHTML, like Gecko) Chrome/131.0.0.0 Safari/537.36" www.coaching-en-developpement-personnel.fr
34.66.64.131 - - [04/Sep/2026:01:05:26 +0000] (0 s) "GET /formation/panier HTTP/1.1" 302 268 "https://www.coaching-en-developpement-personnel.fr/a_propos" "Mozilla/5.0 (Windows NT 5.1; rv:47.0) Gecko/20100101 Firefox/47.0" www.coaching-en-developpement-personnel.fr
34.66.64.131 - - [04/Sep/2026:01:05:26 +0000] (0 s) "GET /login HTTP/1.1" 200 2035 "https://www.coaching-en-developpement-personnel.fr/a_propos" "Mozilla/5.0 (Windows NT 5.1; rv:47.0) Gecko/20100101 Firefox/47.0" www.coaching-en-developpement-personnel.fr
34.66.64.131 - - [04/Sep/2026:01:05:27 +0000] (0 s) "GET /login HTTP/1.1" 200 1887 "https://www.coaching-en-developpement-personnel.fr/login" "Mozilla/5.0 (Windows NT 5.1; rv:47.0) Gecko/20100101 Firefox/47.0" www.chauffagiste-essonne.com
56.155.105.211 - - [04/Sep/2026:01:05:27 +0000] (0 s) "GET /web/.env HTTP/1.1" 200 1789 "-" "Mozilla/5.0 (Windows NT 10.0; Win64; x64) AppleWebKit/537.36 (KHTML, like Gecko) Chrome/131.0.0.0 Safari/537.36" www.coaching-en-developpement-personnel.fr
34.66.64.131 - - [04/Sep/2026:01:05:27 +0000] (0 s) "GET /ressources-humaines HTTP/1.1" 200 2351 "https://www.coaching-en-developpement-personnel.fr/login" "Mozilla/5.0 (Windows NT 5.1; rv:47.0) Gecko/20100101 Firefox/47.0" www.coaching-en-developpement-personnel.fr
34.66.64.131 - - [04/Sep/2026:01:05:27 +0000] (0 s) "GET /marketing HTTP/1.1" 200 2523 "https://www.coaching-en-developpement-personnel.fr/ressources-humaines" "Mozilla/5.0 (Windows NT 5.1; rv:47.0) Gecko/20100101 Firefox/47.0" www.chauffagiste-essonne.com
56.155.105.211 - - [04/Sep/2026:01:05:27 +0000] (0 s) "GET /site/.env HTTP/1.1" 200 1789 "-" "Mozilla/5.0 (Windows NT 10.0; Win64; x64) AppleWebKit/537.36 (KHTML, like Gecko) Chrome/131.0.0.0 Safari/537.36" www.coaching-en-developpement-personnel.fr
34.66.64.131 - - [04/Sep/2026:01:05:27 +0000] (0 s) "GET /communication HTTP/1.1" 200 2504 "https://www.coaching-en-developpement-personnel.fr/marketing" "Mozilla/5.0 (Windows NT 5.1; rv:47.0) Gecko/20100101 Firefox/47.0" www.coaching-en-developpement-personnel.fr
34.66.64.131 - - [04/Sep/2026:01:05:27 +0000] (0 s) "GET /entreprise HTTP/1.1" 200 2577 "https://www.coaching-en-developpement-personnel.fr/communication" "Mozilla/5.0 (Windows NT 5.1; rv:47.0) Gecko/20100101 Firefox/47.0" www.chauffagiste-essonne.com
56.155.105.211 - - [04/Sep/2026:01:05:28 +0000] (0 s) "GET /public/.env HTTP/1.1" 200 1789 "-" "Mozilla/5.0 (Windows NT 10.0; Win64; x64) AppleWebKit/537.36 (KHTML, like Gecko) Chrome/131.0.0.0 Safari/537.36" www.coaching-en-developpement-personnel.fr
34.66.64.131 - - [04/Sep/2026:01:05:28 +0000] (0 s) "GET /pouvoir-de-la-feminite HTTP/1.1" 200 2700 "https://www.coaching-en-developpement-personnel.fr/entreprise" "Mozilla/5.0 (Windows NT 5.1; rv:47.0) Gecko/20100101 Firefox/47.0" www.coaching-en-developpement-personnel.fr
34.66.64.131 - - [04/Sep/2026:01:05:28 +0000] (0 s) "GET /coachings HTTP/1.1" 200 2556 "https://www.coaching-en-developpement-personnel.fr/pouvoir-de-la-feminite" "Mozilla/5.0 (Windows NT 5.1; rv:47.0) Gecko/20100101 Firefox/47.0" www.coaching-en-developpement-personnel.fr
34.66.64.131 - - [04/Sep/2026:01:05:28 +0000] (0 s) "GET /reservation/coaching/formulaire/2 HTTP/1.1" 200 6049 "https://www.coaching-en-developpement-personnel.fr/coachings" "Mozilla/5.0 (Windows NT 5.1; rv:47.0) Gecko/20100101 Firefox/47.0" www.chauffagiste-essonne.com
56.155.105.211 - - [04/Sep/2026:01:05:28 +0000] (0 s) "GET /admin/.env HTTP/1.1" 200 1789 "-" "Mozilla/5.0 (Windows NT 10.0; Win64; x64) AppleWebKit/537.36 (KHTML, like Gecko) Chrome/131.0.0.0 Safari/537.36" www.coaching-en-developpement-personnel.fr
34.66.64.131 - - [04/Sep/2026:01:05:28 +0000] (0 s) "GET /reservation/coaching/formulaire/3 HTTP/1.1" 200 5550 "https://www.coaching-en-developpement-personnel.fr/reservation/coaching/formulaire/2" "Mozilla/5.0 (Windows NT 5.1; rv:47.0) Gecko/20100101 Firefox/47.0" www.coaching-en-developpement-personnel.fr
34.66.64.131 - - [04/Sep/2026:01:05:28 +0000] (0 s) "GET /reservation/coaching/formulaire/6 HTTP/1.1" 200 6017 "https://www.coaching-en-developpement-personnel.fr/reservation/coaching/formulaire/3" "Mozilla/5.0 (Windows NT 5.1; rv:47.0) Gecko/20100101 Firefox/47.0" www.coaching-en-developpement-personnel.fr
34.66.64.131 - - [04/Sep/2026:01:05:28 +0000] (0 s) "GET /reservation/coaching/formulaire/11 HTTP/1.1" 200 5311 "https://www.coaching-en-developpement-personnel.fr/reservation/coaching/formulaire/6" "Mozilla/5.0 (Windows NT 5.1; rv:47.0) Gecko/20100101 Firefox/47.0" www.chauffagiste-essonne.com
56.155.105.211 - - [04/Sep/2026:01:05:28 +0000] (0 s) "GET /backend/.env HTTP/1.1" 200 1789 "-" "Mozilla/5.0 (Windows NT 10.0; Win64; x64) AppleWebKit/537.36 (KHTML, like Gecko) Chrome/131.0.0.0 Safari/537.36" www.coaching-en-developpement-personnel.fr
34.66.64.131 - - [04/Sep/2026:01:05:29 +0000] (0 s) "GET /formation/detail/21 HTTP/1.1" 200 3004 "https://www.coaching-en-developpement-personnel.fr/reservation/coaching/formulaire/11" "Mozilla/5.0 (Windows NT 5.1; rv:47.0) Gecko/20100101 Firefox/47.0" www.coaching-en-developpement-personnel.fr
34.66.64.131 - - [04/Sep/2026:01:05:29 +0000] (0 s) "GET /inscription HTTP/1.1" 200 1934 "https://www.coaching-en-developpement-personnel.fr/formation/detail/21" "Mozilla/5.0 (Windows NT 5.1; rv:47.0) Gecko/20100101 Firefox/47.0" www.coaching-en-developpement-personnel.fr
34.66.64.131 - - [04/Sep/2026:01:05:29 +0000] (0 s) "GET /resetting/request HTTP/1.1" 200 1710 "https://www.coaching-en-developpement-personnel.fr/inscription" "Mozilla/5.0 (Windows NT 5.1; rv:47.0) Gecko/20100101 Firefox/47.0" www.chauffagiste-essonne.com
56.155.105.211 - - [04/Sep/2026:01:05:29 +0000] (0 s) "GET /server/.env HTTP/1.1" 200 1789 "-" "Mozilla/5.0 (Windows NT 10.0; Win64; x64) AppleWebKit/537.36 (KHTML, like Gecko) Chrome/131.0.0.0 Safari/537.36" www.coaching-en-developpement-personnel.fr
34.66.64.131 - - [04/Sep/2026:01:05:29 +0000] (0 s) "GET /formation/panier/add/21 HTTP/1.1" 302 312 "https://www.coaching-en-developpement-personnel.fr/resetting/request" "Mozilla/5.0 (Windows NT 5.1; rv:47.0) Gecko/20100101 Firefox/47.0" www.coaching-en-developpement-personnel.fr
34.66.64.131 - - [04/Sep/2026:01:05:29 +0000] (0 s) "GET /formation/panier HTTP/1.1" 302 268 "https://www.coaching-en-developpement-personnel.fr/resetting/request" "Mozilla/5.0 (Windows NT 5.1; rv:47.0) Gecko/20100101 Firefox/47.0" www.coaching-en-developpement-personnel.fr
34.66.64.131 - - [04/Sep/2026:01:05:29 +0000] (0 s) "GET /login HTTP/1.1" 200 2084 "https://www.coaching-en-developpement-personnel.fr/resetting/request" "Mozilla/5.0 (Windows NT 5.1; rv:47.0) Gecko/20100101 Firefox/47.0" www.chauffagiste-essonne.com
56.155.105.211 - - [04/Sep/2026:01:05:29 +0000] (0 s) "GET /frontend/.env HTTP/1.1" 200 1789 "-" "Mozilla/5.0 (Windows NT 10.0; Win64; x64) AppleWebKit/537.36 (KHTML, like Gecko) Chrome/131.0.0.0 Safari/537.36" www.chauffagiste-essonne.com
56.155.105.211 - - [04/Sep/2026:01:05:30 +0000] (0 s) "GET /src/.env HTTP/1.1" 200 1789 "-" "Mozilla/5.0 (Windows NT 10.0; Win64; x64) AppleWebKit/537.36 (KHTML, like Gecko) Chrome/131.0.0.0 Safari/537.36" www.chauffagiste-essonne.com
56.155.105.211 - - [04/Sep/2026:01:05:31 +0000] (0 s) "GET /core/app/.env HTTP/1.1" 200 1789 "-" "Mozilla/5.0 (Windows NT 10.0; Win64; x64) AppleWebKit/537.36 (KHTML, like Gecko) Chrome/131.0.0.0 Safari/537.36" www.chauffagiste-essonne.com
56.155.105.211 - - [04/Sep/2026:01:05:31 +0000] (0 s) "GET /config/.env HTTP/1.1" 200 1789 "-" "Mozilla/5.0 (Windows NT 10.0; Win64; x64) AppleWebKit/537.36 (KHTML, like Gecko) Chrome/131.0.0.0 Safari/537.36" www.chauffagiste-essonne.com
56.155.105.211 - - [04/Sep/2026:01:05:32 +0000] (0 s) "GET /private/.env HTTP/1.1" 200 1789 "-" "Mozilla/5.0 (Windows NT 10.0; Win64; x64) AppleWebKit/537.36 (KHTML, like Gecko) Chrome/131.0.0.0 Safari/537.36" www.chauffagiste-essonne.com
56.155.105.211 - - [04/Sep/2026:01:05:32 +0000] (0 s) "GET /application/.env HTTP/1.1" 200 1789 "-" "Mozilla/5.0 (Windows NT 10.0; Win64; x64) AppleWebKit/537.36 (KHTML, like Gecko) Chrome/131.0.0.0 Safari/537.36" www.chauffagiste-essonne.com
56.155.105.211 - - [04/Sep/2026:01:05:32 +0000] (0 s) "GET /bootstrap/.env HTTP/1.1" 200 1789 "-" "Mozilla/5.0 (Windows NT 10.0; Win64; x64) AppleWebKit/537.36 (KHTML, like Gecko) Chrome/131.0.0.0 Safari/537.36" www.chauffagiste-essonne.com
56.155.105.211 - - [04/Sep/2026:01:05:33 +0000] (0 s) "GET /database/.env HTTP/1.1" 200 1789 "-" "Mozilla/5.0 (Windows NT 10.0; Win64; x64) AppleWebKit/537.36 (KHTML, like Gecko) Chrome/131.0.0.0 Safari/537.36" www.chauffagiste-essonne.com
56.155.105.211 - - [04/Sep/2026:01:05:33 +0000] (0 s) "GET /storage/.env HTTP/1.1" 200 1789 "-" "Mozilla/5.0 (Windows NT 10.0; Win64; x64) AppleWebKit/537.36 (KHTML, like Gecko) Chrome/131.0.0.0 Safari/537.36" www.chauffagiste-essonne.com
56.155.105.211 - - [04/Sep/2026:01:05:34 +0000] (0 s) "GET /var/www/.env HTTP/1.1" 200 1789 "-" "Mozilla/5.0 (Windows NT 10.0; Win64; x64) AppleWebKit/537.36 (KHTML, like Gecko) Chrome/131.0.0.0 Safari/537.36" www.chauffagiste-essonne.com
56.155.105.211 - - [04/Sep/2026:01:05:34 +0000] (0 s) "GET /var/www/html/.env HTTP/1.1" 200 1789 "-" "Mozilla/5.0 (Windows NT 10.0; Win64; x64) AppleWebKit/537.36 (KHTML, like Gecko) Chrome/131.0.0.0 Safari/537.36" www.chauffagiste-essonne.com
56.155.105.211 - - [04/Sep/2026:01:05:35 +0000] (0 s) "GET /current/.env HTTP/1.1" 200 1789 "-" "Mozilla/5.0 (Windows NT 10.0; Win64; x64) AppleWebKit/537.36 (KHTML, like Gecko) Chrome/131.0.0.0 Safari/537.36" www.chauffagiste-essonne.com
56.155.105.211 - - [04/Sep/2026:01:05:35 +0000] (0 s) "GET /release/.env HTTP/1.1" 200 1789 "-" "Mozilla/5.0 (Windows NT 10.0; Win64; x64) AppleWebKit/537.36 (KHTML, like Gecko) Chrome/131.0.0.0 Safari/537.36" www.chauffagiste-essonne.com
56.155.105.211 - - [04/Sep/2026:01:05:36 +0000] (0 s) "GET /releases/.env HTTP/1.1" 200 1789 "-" "Mozilla/5.0 (Windows NT 10.0; Win64; x64) AppleWebKit/537.36 (KHTML, like Gecko) Chrome/131.0.0.0 Safari/537.36" www.chauffagiste-essonne.com
56.155.105.211 - - [04/Sep/2026:01:05:36 +0000] (0 s) "GET /shared/.env HTTP/1.1" 200 1789 "-" "Mozilla/5.0 (Windows NT 10.0; Win64; x64) AppleWebKit/537.36 (KHTML, like Gecko) Chrome/131.0.0.0 Safari/537.36" www.chauffagiste-essonne.com
56.155.105.211 - - [04/Sep/2026:01:05:37 +0000] (0 s) "GET /deploy/.env HTTP/1.1" 200 1789 "-" "Mozilla/5.0 (Windows NT 10.0; Win64; x64) AppleWebKit/537.36 (KHTML, like Gecko) Chrome/131.0.0.0 Safari/537.36" www.chauffagiste-essonne.com
56.155.105.211 - - [04/Sep/2026:01:05:37 +0000] (0 s) "GET /build/.env HTTP/1.1" 200 1789 "-" "Mozilla/5.0 (Windows NT 10.0; Win64; x64) AppleWebKit/537.36 (KHTML, like Gecko) Chrome/131.0.0.0 Safari/537.36" www.chauffagiste-essonne.com
56.155.105.211 - - [04/Sep/2026:01:05:37 +0000] (0 s) "GET /dist/.env HTTP/1.1" 200 1789 "-" "Mozilla/5.0 (Windows NT 10.0; Win64; x64) AppleWebKit/537.36 (KHTML, like Gecko) Chrome/131.0.0.0 Safari/537.36" www.chauffagiste-essonne.com
56.155.105.211 - - [04/Sep/2026:01:05:38 +0000] (0 s) "GET /public_html/.env HTTP/1.1" 200 1789 "-" "Mozilla/5.0 (Windows NT 10.0; Win64; x64) AppleWebKit/537.36 (KHTML, like Gecko) Chrome/131.0.0.0 Safari/537.36" www.chauffagiste-essonne.com
56.155.105.211 - - [04/Sep/2026:01:05:38 +0000] (0 s) "GET /htdocs/.env HTTP/1.1" 200 1789 "-" "Mozilla/5.0 (Windows NT 10.0; Win64; x64) AppleWebKit/537.36 (KHTML, like Gecko) Chrome/131.0.0.0 Safari/537.36" www.chauffagiste-essonne.com
56.155.105.211 - - [04/Sep/2026:01:05:39 +0000] (0 s) "GET /www/.env HTTP/1.1" 200 1789 "-" "Mozilla/5.0 (Windows NT 10.0; Win64; x64) AppleWebKit/537.36 (KHTML, like Gecko) Chrome/131.0.0.0 Safari/537.36" www.chauffagiste-essonne.com
56.155.105.211 - - [04/Sep/2026:01:05:39 +0000] (0 s) "GET /html/.env HTTP/1.1" 200 1789 "-" "Mozilla/5.0 (Windows NT 10.0; Win64; x64) AppleWebKit/537.36 (KHTML, like Gecko) Chrome/131.0.0.0 Safari/537.36" www.chauffagiste-essonne.com
56.155.105.211 - - [04/Sep/2026:01:05:40 +0000] (0 s) "GET /live/.env HTTP/1.1" 200 1789 "-" "Mozilla/5.0 (Windows NT 10.0; Win64; x64) AppleWebKit/537.36 (KHTML, like Gecko) Chrome/131.0.0.0 Safari/537.36" www.chauffagiste-essonne.com
56.155.105.211 - - [04/Sep/2026:01:05:40 +0000] (0 s) "GET /prod/.env HTTP/1.1" 200 1789 "-" "Mozilla/5.0 (Windows NT 10.0; Win64; x64) AppleWebKit/537.36 (KHTML, like Gecko) Chrome/131.0.0.0 Safari/537.36" www.chauffagiste-essonne.com
56.155.105.211 - - [04/Sep/2026:01:05:41 +0000] (0 s) "GET /dev/.env HTTP/1.1" 200 1789 "-" "Mozilla/5.0 (Windows NT 10.0; Win64; x64) AppleWebKit/537.36 (KHTML, like Gecko) Chrome/131.0.0.0 Safari/537.36" www.chauffagiste-essonne.com
56.155.105.211 - - [04/Sep/2026:01:05:41 +0000] (0 s) "GET /staging/.env HTTP/1.1" 200 1789 "-" "Mozilla/5.0 (Windows NT 10.0; Win64; x64) AppleWebKit/537.36 (KHTML, like Gecko) Chrome/131.0.0.0 Safari/537.36" www.chauffagiste-essonne.com
56.155.105.211 - - [04/Sep/2026:01:05:41 +0000] (0 s) "GET /opt/.env HTTP/1.1" 200 1789 "-" "Mozilla/5.0 (Windows NT 10.0; Win64; x64) AppleWebKit/537.36 (KHTML, like Gecko) Chrome/131.0.0.0 Safari/537.36" www.chauffagiste-essonne.com
56.155.105.211 - - [04/Sep/2026:01:05:42 +0000] (0 s) "GET /laravel/.env HTTP/1.1" 200 1789 "-" "Mozilla/5.0 (Windows NT 10.0; Win64; x64) AppleWebKit/537.36 (KHTML, like Gecko) Chrome/131.0.0.0 Safari/537.36" www.chauffagiste-essonne.com
56.155.105.211 - - [04/Sep/2026:01:05:42 +0000] (0 s) "GET /symfony/.env HTTP/1.1" 200 1789 "-" "Mozilla/5.0 (Windows NT 10.0; Win64; x64) AppleWebKit/537.36 (KHTML, like Gecko) Chrome/131.0.0.0 Safari/537.36" www.chauffagiste-essonne.com
56.155.105.211 - - [04/Sep/2026:01:05:43 +0000] (0 s) "GET /wordpress/.env HTTP/1.1" 200 1789 "-" "Mozilla/5.0 (Windows NT 10.0; Win64; x64) AppleWebKit/537.36 (KHTML, like Gecko) Chrome/131.0.0.0 Safari/537.36" www.chauffagiste-essonne.com
56.155.105.211 - - [04/Sep/2026:01:05:43 +0000] (0 s) "GET /wp/.env HTTP/1.1" 200 1789 "-" "Mozilla/5.0 (Windows NT 10.0; Win64; x64) AppleWebKit/537.36 (KHTML, like Gecko) Chrome/131.0.0.0 Safari/537.36" www.chauffagiste-essonne.com
56.155.105.211 - - [04/Sep/2026:01:05:44 +0000] (0 s) "GET /cms/.env HTTP/1.1" 200 1789 "-" "Mozilla/5.0 (Windows NT 10.0; Win64; x64) AppleWebKit/537.36 (KHTML, like Gecko) Chrome/131.0.0.0 Safari/537.36" www.chauffagiste-essonne.com
56.155.105.211 - - [04/Sep/2026:01:05:44 +0000] (0 s) "GET /drupal/.env HTTP/1.1" 200 1789 "-" "Mozilla/5.0 (Windows NT 10.0; Win64; x64) AppleWebKit/537.36 (KHTML, like Gecko) Chrome/131.0.0.0 Safari/537.36" www.chauffagiste-essonne.com
56.155.105.211 - - [04/Sep/2026:01:05:45 +0000] (0 s) "GET /joomla/.env HTTP/1.1" 200 1789 "-" "Mozilla/5.0 (Windows NT 10.0; Win64; x64) AppleWebKit/537.36 (KHTML, like Gecko) Chrome/131.0.0.0 Safari/537.36" www.chauffagiste-essonne.com
56.155.105.211 - - [04/Sep/2026:01:05:45 +0000] (0 s) "GET /magento/.env HTTP/1.1" 200 1789 "-" "Mozilla/5.0 (Windows NT 10.0; Win64; x64) AppleWebKit/537.36 (KHTML, like Gecko) Chrome/131.0.0.0 Safari/537.36" www.chauffagiste-essonne.com
56.155.105.211 - - [04/Sep/2026:01:05:46 +0000] (0 s) "GET /shopify/.env HTTP/1.1" 200 1789 "-" "Mozilla/5.0 (Windows NT 10.0; Win64; x64) AppleWebKit/537.36 (KHTML, like Gecko) Chrome/131.0.0.0 Safari/537.36" www.chauffagiste-essonne.com
56.155.105.211 - - [04/Sep/2026:01:05:46 +0000] (0 s) "GET /prestashop/.env HTTP/1.1" 200 1789 "-" "Mozilla/5.0 (Windows NT 10.0; Win64; x64) AppleWebKit/537.36 (KHTML, like Gecko) Chrome/131.0.0.0 Safari/537.36" www.chauffagiste-essonne.com
56.155.105.211 - - [04/Sep/2026:01:05:46 +0000] (0 s) "GET /codeigniter/.env HTTP/1.1" 200 1789 "-" "Mozilla/5.0 (Windows NT 10.0; Win64; x64) AppleWebKit/537.36 (KHTML, like Gecko) Chrome/131.0.0.0 Safari/537.36" www.chauffagiste-essonne.com
56.155.105.211 - - [04/Sep/2026:01:05:47 +0000] (0 s) "GET /cakephp/.env HTTP/1.1" 200 1789 "-" "Mozilla/5.0 (Windows NT 10.0; Win64; x64) AppleWebKit/537.36 (KHTML, like Gecko) Chrome/131.0.0.0 Safari/537.36" www.chauffagiste-essonne.com
56.155.105.211 - - [04/Sep/2026:01:05:47 +0000] (0 s) "GET /zend/.env HTTP/1.1" 200 1789 "-" "Mozilla/5.0 (Windows NT 10.0; Win64; x64) AppleWebKit/537.36 (KHTML, like Gecko) Chrome/131.0.0.0 Safari/537.36" www.chauffagiste-essonne.com
56.155.105.211 - - [04/Sep/2026:01:05:48 +0000] (0 s) "GET /yii/.env HTTP/1.1" 200 1789 "-" "Mozilla/5.0 (Windows NT 10.0; Win64; x64) AppleWebKit/537.36 (KHTML, like Gecko) Chrome/131.0.0.0 Safari/537.36" www.chauffagiste-essonne.com
56.155.105.211 - - [04/Sep/2026:01:05:48 +0000] (0 s) "GET /laravel5/.env HTTP/1.1" 200 1789 "-" "Mozilla/5.0 (Windows NT 10.0; Win64; x64) AppleWebKit/537.36 (KHTML, like Gecko) Chrome/131.0.0.0 Safari/537.36" www.chauffagiste-essonne.com
56.155.105.211 - - [04/Sep/2026:01:05:49 +0000] (0 s) "GET /v1/.env HTTP/1.1" 200 1789 "-" "Mozilla/5.0 (Windows NT 10.0; Win64; x64) AppleWebKit/537.36 (KHTML, like Gecko) Chrome/131.0.0.0 Safari/537.36" www.chauffagiste-essonne.com
56.155.105.211 - - [04/Sep/2026:01:05:49 +0000] (0 s) "GET /v2/.env HTTP/1.1" 200 1789 "-" "Mozilla/5.0 (Windows NT 10.0; Win64; x64) AppleWebKit/537.36 (KHTML, like Gecko) Chrome/131.0.0.0 Safari/537.36" www.chauffagiste-essonne.com
56.155.105.211 - - [04/Sep/2026:01:05:50 +0000] (0 s) "GET /v3/.env HTTP/1.1" 200 1789 "-" "Mozilla/5.0 (Windows NT 10.0; Win64; x64) AppleWebKit/537.36 (KHTML, like Gecko) Chrome/131.0.0.0 Safari/537.36" www.chauffagiste-essonne.com
56.155.105.211 - - [04/Sep/2026:01:05:50 +0000] (0 s) "GET /api/v1/.env HTTP/1.1" 200 1789 "-" "Mozilla/5.0 (Windows NT 10.0; Win64; x64) AppleWebKit/537.36 (KHTML, like Gecko) Chrome/131.0.0.0 Safari/537.36" www.chauffagiste-essonne.com
56.155.105.211 - - [04/Sep/2026:01:05:51 +0000] (0 s) "GET /api/v2/.env HTTP/1.1" 200 1789 "-" "Mozilla/5.0 (Windows NT 10.0; Win64; x64) AppleWebKit/537.36 (KHTML, like Gecko) Chrome/131.0.0.0 Safari/537.36" www.shinegis.mu
107.191.57.237 - - [04/Sep/2026:01:05:51 +0000] (0 s) "GET / HTTP/1.1" 200 4816 "-" "Mozilla/5.0 (Windows NT 10.0; Win64; x64) AppleWebKit/537.36 (KHTML, like Gecko) Chrome/129.0.0.0 Safari/537.36 (StatusCake)" www.chauffagiste-essonne.com
56.155.105.211 - - [04/Sep/2026:01:05:51 +0000] (0 s) "GET /rest/.env HTTP/1.1" 200 1789 "-" "Mozilla/5.0 (Windows NT 10.0; Win64; x64) AppleWebKit/537.36 (KHTML, like Gecko) Chrome/131.0.0.0 Safari/537.36" www.chauffagiste-essonne.com
56.155.105.211 - - [04/Sep/2026:01:05:51 +0000] (0 s) "GET /graphql/.env HTTP/1.1" 200 1789 "-" "Mozilla/5.0 (Windows NT 10.0; Win64; x64) AppleWebKit/537.36 (KHTML, like Gecko) Chrome/131.0.0.0 Safari/537.36" www.chauffagiste-essonne.com
56.155.105.211 - - [04/Sep/2026:01:05:52 +0000] (0 s) "GET /gateway/.env HTTP/1.1" 200 1789 "-" "Mozilla/5.0 (Windows NT 10.0; Win64; x64) AppleWebKit/537.36 (KHTML, like Gecko) Chrome/131.0.0.0 Safari/537.36" www.chauffagiste-essonne.com
56.155.105.211 - - [04/Sep/2026:01:05:52 +0000] (0 s) "GET /microservice/.env HTTP/1.1" 200 1789 "-" "Mozilla/5.0 (Windows NT 10.0; Win64; x64) AppleWebKit/537.36 (KHTML, like Gecko) Chrome/131.0.0.0 Safari/537.36" www.chauffagiste-essonne.com
56.155.105.211 - - [04/Sep/2026:01:05:53 +0000] (0 s) "GET /service/.env HTTP/1.1" 200 1789 "-" "Mozilla/5.0 (Windows NT 10.0; Win64; x64) AppleWebKit/537.36 (KHTML, like Gecko) Chrome/131.0.0.0 Safari/537.36" www.chauffagiste-essonne.com
56.155.105.211 - - [04/Sep/2026:01:05:53 +0000] (0 s) "GET /api/v3/.env HTTP/1.1" 200 1789 "-" "Mozilla/5.0 (Windows NT 10.0; Win64; x64) AppleWebKit/537.36 (KHTML, like Gecko) Chrome/131.0.0.0 Safari/537.36" www.humitest.fr
34.155.232.229 - - [04/Sep/2026:01:05:53 +0000] (0 s) "GET / HTTP/1.1" 200 9818 "-" "Mozilla/5.0 (Windows NT 10.0; Win64; x64) AppleWebKit/537.36 (KHTML, like Gecko) Chrome/129.0.0.0 Safari/537.36 (StatusCake)" www.chauffagiste-essonne.com
56.155.105.211 - - [04/Sep/2026:01:05:54 +0000] (0 s) "GET /api/dev/.env HTTP/1.1" 200 1789 "-" "Mozilla/5.0 (Windows NT 10.0; Win64; x64) AppleWebKit/537.36 (KHTML, like Gecko) Chrome/131.0.0.0 Safari/537.36" www.coaching-en-developpement-personnel.fr
108.61.173.0 - - [04/Sep/2026:01:05:54 +0000] (0 s) "GET / HTTP/1.1" 200 4558 "-" "Mozilla/5.0 (Windows NT 10.0; Win64; x64) AppleWebKit/537.36 (KHTML, like Gecko) Chrome/129.0.0.0 Safari/537.36 (StatusCake)" www.chauffagiste-essonne.com
56.155.105.211 - - [04/Sep/2026:01:05:54 +0000] (0 s) "GET /api/staging/.env HTTP/1.1" 200 1789 "-" "Mozilla/5.0 (Windows NT 10.0; Win64; x64) AppleWebKit/537.36 (KHTML, like Gecko) Chrome/131.0.0.0 Safari/537.36" www.chauffagiste-essonne.com
56.155.105.211 - - [04/Sep/2026:01:05:55 +0000] (0 s) "GET /vendor/.env HTTP/1.1" 200 1789 "-" "Mozilla/5.0 (Windows NT 10.0; Win64; x64) AppleWebKit/537.36 (KHTML, like Gecko) Chrome/131.0.0.0 Safari/537.36" www.chauffagiste-essonne.com
56.155.105.211 - - [04/Sep/2026:01:05:55 +0000] (0 s) "GET /lib/.env HTTP/1.1" 200 1789 "-" "Mozilla/5.0 (Windows NT 10.0; Win64; x64) AppleWebKit/537.36 (KHTML, like Gecko) Chrome/131.0.0.0 Safari/537.36" www.chauffagiste-essonne.com
56.155.105.211 - - [04/Sep/2026:01:05:55 +0000] (0 s) "GET /resources/.env HTTP/1.1" 200 1789 "-" "Mozilla/5.0 (Windows NT 10.0; Win64; x64) AppleWebKit/537.36 (KHTML, like Gecko) Chrome/131.0.0.0 Safari/537.36" www.chauffagiste-essonne.com
56.155.105.211 - - [04/Sep/2026:01:05:56 +0000] (0 s) "GET /assets/.env HTTP/1.1" 200 1789 "-" "Mozilla/5.0 (Windows NT 10.0; Win64; x64) AppleWebKit/537.36 (KHTML, like Gecko) Chrome/131.0.0.0 Safari/537.36" www.chauffagiste-essonne.com
56.155.105.211 - - [04/Sep/2026:01:05:56 +0000] (0 s) "GET /uploads/.env HTTP/1.1" 200 1789 "-" "Mozilla/5.0 (Windows NT 10.0; Win64; x64) AppleWebKit/537.36 (KHTML, like Gecko) Chrome/131.0.0.0 Safari/537.36" www.chauffagiste-essonne.com
56.155.105.211 - - [04/Sep/2026:01:05:57 +0000] (0 s) "GET /internal/.env HTTP/1.1" 200 1789 "-" "Mozilla/5.0 (Windows NT 10.0; Win64; x64) AppleWebKit/537.36 (KHTML, like Gecko) Chrome/131.0.0.0 Safari/537.36" www.chauffagiste-essonne.com
56.155.105.211 - - [04/Sep/2026:01:05:57 +0000] (0 s) "GET /tools/.env HTTP/1.1" 200 1789 "-" "Mozilla/5.0 (Windows NT 10.0; Win64; x64) AppleWebKit/537.36 (KHTML, like Gecko) Chrome/131.0.0.0 Safari/537.36" www.chauffagiste-essonne.com
56.155.105.211 - - [04/Sep/2026:01:05:58 +0000] (0 s) "GET /scripts/.env HTTP/1.1" 200 1789 "-" "Mozilla/5.0 (Windows NT 10.0; Win64; x64) AppleWebKit/537.36 (KHTML, like Gecko) Chrome/131.0.0.0 Safari/537.36" www.chauffagiste-essonne.com
56.155.105.211 - - [04/Sep/2026:01:05:58 +0000] (0 s) "GET /bin/.env HTTP/1.1" 200 1789 "-" "Mozilla/5.0 (Windows NT 10.0; Win64; x64) AppleWebKit/537.36 (KHTML, like Gecko) Chrome/131.0.0.0 Safari/537.36" www.chauffagiste-essonne.com
56.155.105.211 - - [04/Sep/2026:01:05:59 +0000] (0 s) "GET /sbin/.env HTTP/1.1" 200 1789 "-" "Mozilla/5.0 (Windows NT 10.0; Win64; x64) AppleWebKit/537.36 (KHTML, like Gecko) Chrome/131.0.0.0 Safari/537.36" www.chauffagiste-essonne.com
56.155.105.211 - - [04/Sep/2026:01:05:59 +0000] (0 s) "GET /local/.env HTTP/1.1" 200 1789 "-" "Mozilla/5.0 (Windows NT 10.0; Win64; x64) AppleWebKit/537.36 (KHTML, like Gecko) Chrome/131.0.0.0 Safari/537.36" www.chauffagiste-essonne.com
56.155.105.211 - - [04/Sep/2026:01:06:00 +0000] (0 s) "GET /portal/.env HTTP/1.1" 200 1789 "-" "Mozilla/5.0 (Windows NT 10.0; Win64; x64) AppleWebKit/537.36 (KHTML, like Gecko) Chrome/131.0.0.0 Safari/537.36" www.chauffagiste-essonne.com
56.155.105.211 - - [04/Sep/2026:01:06:00 +0000] (0 s) "GET /dashboard/.env HTTP/1.1" 200 1789 "-" "Mozilla/5.0 (Windows NT 10.0; Win64; x64) AppleWebKit/537.36 (KHTML, like Gecko) Chrome/131.0.0.0 Safari/537.36" www.chauffagiste-essonne.com
56.155.105.211 - - [04/Sep/2026:01:06:00 +0000] (0 s) "GET /panel/.env HTTP/1.1" 200 1789 "-" "Mozilla/5.0 (Windows NT 10.0; Win64; x64) AppleWebKit/537.36 (KHTML, like Gecko) Chrome/131.0.0.0 Safari/537.36" www.chauffagiste-essonne.com
56.155.105.211 - - [04/Sep/2026:01:06:01 +0000] (0 s) "GET /crm/.env HTTP/1.1" 200 1789 "-" "Mozilla/5.0 (Windows NT 10.0; Win64; x64) AppleWebKit/537.36 (KHTML, like Gecko) Chrome/131.0.0.0 Safari/537.36" www.chauffagiste-essonne.com
56.155.105.211 - - [04/Sep/2026:01:06:01 +0000] (0 s) "GET /erp/.env HTTP/1.1" 200 1789 "-" "Mozilla/5.0 (Windows NT 10.0; Win64; x64) AppleWebKit/537.36 (KHTML, like Gecko) Chrome/131.0.0.0 Safari/537.36" www.chauffagiste-essonne.com
56.155.105.211 - - [04/Sep/2026:01:06:02 +0000] (0 s) "GET /shop/.env HTTP/1.1" 200 1789 "-" "Mozilla/5.0 (Windows NT 10.0; Win64; x64) AppleWebKit/537.36 (KHTML, like Gecko) Chrome/131.0.0.0 Safari/537.36" www.chauffagiste-essonne.com
56.155.105.211 - - [04/Sep/2026:01:06:02 +0000] (0 s) "GET /store/.env HTTP/1.1" 200 1789 "-" "Mozilla/5.0 (Windows NT 10.0; Win64; x64) AppleWebKit/537.36 (KHTML, like Gecko) Chrome/131.0.0.0 Safari/537.36" www.chauffagiste-essonne.com
56.155.105.211 - - [04/Sep/2026:01:06:03 +0000] (0 s) "GET /saas/.env HTTP/1.1" 200 1789 "-" "Mozilla/5.0 (Windows NT 10.0; Win64; x64) AppleWebKit/537.36 (KHTML, like Gecko) Chrome/131.0.0.0 Safari/537.36" www.chauffagiste-essonne.com
56.155.105.211 - - [04/Sep/2026:01:06:03 +0000] (0 s) "GET /client/.env HTTP/1.1" 200 1789 "-" "Mozilla/5.0 (Windows NT 10.0; Win64; x64) AppleWebKit/537.36 (KHTML, like Gecko) Chrome/131.0.0.0 Safari/537.36" www.chauffagiste-essonne.com
56.155.105.211 - - [04/Sep/2026:01:06:04 +0000] (0 s) "GET /project/.env HTTP/1.1" 200 1789 "-" "Mozilla/5.0 (Windows NT 10.0; Win64; x64) AppleWebKit/537.36 (KHTML, like Gecko) Chrome/131.0.0.0 Safari/537.36" www.chauffagiste-essonne.com
56.155.105.211 - - [04/Sep/2026:01:06:04 +0000] (0 s) "GET /admin-panel/.env HTTP/1.1" 200 1789 "-" "Mozilla/5.0 (Windows NT 10.0; Win64; x64) AppleWebKit/537.36 (KHTML, like Gecko) Chrome/131.0.0.0 Safari/537.36" www.chauffagiste-essonne.com
56.155.105.211 - - [04/Sep/2026:01:06:04 +0000] (0 s) "GET /control-panel/.env HTTP/1.1" 200 1789 "-" "Mozilla/5.0 (Windows NT 10.0; Win64; x64) AppleWebKit/537.36 (KHTML, like Gecko) Chrome/131.0.0.0 Safari/537.36" www.chauffagiste-essonne.com
56.155.105.211 - - [04/Sep/2026:01:06:05 +0000] (0 s) "GET /user-panel/.env HTTP/1.1" 200 1789 "-" "Mozilla/5.0 (Windows NT 10.0; Win64; x64) AppleWebKit/537.36 (KHTML, like Gecko) Chrome/131.0.0.0 Safari/537.36" www.chauffagiste-essonne.com
56.155.105.211 - - [04/Sep/2026:01:06:05 +0000] (0 s) "GET /node/.env HTTP/1.1" 200 1789 "-" "Mozilla/5.0 (Windows NT 10.0; Win64; x64) AppleWebKit/537.36 (KHTML, like Gecko) Chrome/131.0.0.0 Safari/537.36" www.chauffagiste-essonne.com
56.155.105.211 - - [04/Sep/2026:01:06:06 +0000] (0 s) "GET /express/.env HTTP/1.1" 200 1789 "-" "Mozilla/5.0 (Windows NT 10.0; Win64; x64) AppleWebKit/537.36 (KHTML, like Gecko) Chrome/131.0.0.0 Safari/537.36" www.chauffagiste-essonne.com
56.155.105.211 - - [04/Sep/2026:01:06:06 +0000] (0 s) "GET /next/.env HTTP/1.1" 200 1789 "-" "Mozilla/5.0 (Windows NT 10.0; Win64; x64) AppleWebKit/537.36 (KHTML, like Gecko) Chrome/131.0.0.0 Safari/537.36" www.chauffagiste-essonne.com
56.155.105.211 - - [04/Sep/2026:01:06:07 +0000] (0 s) "GET /nuxt/.env HTTP/1.1" 200 1789 "-" "Mozilla/5.0 (Windows NT 10.0; Win64; x64) AppleWebKit/537.36 (KHTML, like Gecko) Chrome/131.0.0.0 Safari/537.36" www.chauffagiste-essonne.com
56.155.105.211 - - [04/Sep/2026:01:06:07 +0000] (0 s) "GET /nest/.env HTTP/1.1" 200 1789 "-" "Mozilla/5.0 (Windows NT 10.0; Win64; x64) AppleWebKit/537.36 (KHTML, like Gecko) Chrome/131.0.0.0 Safari/537.36" www.chauffagiste-essonne.com
56.155.105.211 - - [04/Sep/2026:01:06:08 +0000] (0 s) "GET /react/.env HTTP/1.1" 200 1789 "-" "Mozilla/5.0 (Windows NT 10.0; Win64; x64) AppleWebKit/537.36 (KHTML, like Gecko) Chrome/131.0.0.0 Safari/537.36" www.chauffagiste-essonne.com
56.155.105.211 - - [04/Sep/2026:01:06:08 +0000] (0 s) "GET /vue/.env HTTP/1.1" 200 1789 "-" "Mozilla/5.0 (Windows NT 10.0; Win64; x64) AppleWebKit/537.36 (KHTML, like Gecko) Chrome/131.0.0.0 Safari/537.36" www.chauffagiste-essonne.com
56.155.105.211 - - [04/Sep/2026:01:06:09 +0000] (0 s) "GET /angular/.env HTTP/1.1" 200 1789 "-" "Mozilla/5.0 (Windows NT 10.0; Win64; x64) AppleWebKit/537.36 (KHTML, like Gecko) Chrome/131.0.0.0 Safari/537.36" www.chauffagiste-essonne.com
56.155.105.211 - - [04/Sep/2026:01:06:09 +0000] (0 s) "GET /svelte/.env HTTP/1.1" 200 1789 "-" "Mozilla/5.0 (Windows NT 10.0; Win64; x64) AppleWebKit/537.36 (KHTML, like Gecko) Chrome/131.0.0.0 Safari/537.36" www.chauffagiste-essonne.com
56.155.105.211 - - [04/Sep/2026:01:06:09 +0000] (0 s) "GET /vite/.env HTTP/1.1" 200 1789 "-" "Mozilla/5.0 (Windows NT 10.0; Win64; x64) AppleWebKit/537.36 (KHTML, like Gecko) Chrome/131.0.0.0 Safari/537.36" www.chauffagiste-essonne.com
56.155.105.211 - - [04/Sep/2026:01:06:10 +0000] (0 s) "GET /backup/.env HTTP/1.1" 200 1789 "-" "Mozilla/5.0 (Windows NT 10.0; Win64; x64) AppleWebKit/537.36 (KHTML, like Gecko) Chrome/131.0.0.0 Safari/537.36" www.chauffagiste-essonne.com
56.155.105.211 - - [04/Sep/2026:01:06:10 +0000] (0 s) "GET /backups/.env HTTP/1.1" 200 1789 "-" "Mozilla/5.0 (Windows NT 10.0; Win64; x64) AppleWebKit/537.36 (KHTML, like Gecko) Chrome/131.0.0.0 Safari/537.36" www.chauffagiste-essonne.com
56.155.105.211 - - [04/Sep/2026:01:06:11 +0000] (0 s) "GET /old/.env HTTP/1.1" 200 1789 "-" "Mozilla/5.0 (Windows NT 10.0; Win64; x64) AppleWebKit/537.36 (KHTML, like Gecko) Chrome/131.0.0.0 Safari/537.36" www.chauffagiste-essonne.com
56.155.105.211 - - [04/Sep/2026:01:06:11 +0000] (0 s) "GET /tmp/.env HTTP/1.1" 200 1789 "-" "Mozilla/5.0 (Windows NT 10.0; Win64; x64) AppleWebKit/537.36 (KHTML, like Gecko) Chrome/131.0.0.0 Safari/537.36" www.chauffagiste-essonne.com
56.155.105.211 - - [04/Sep/2026:01:06:12 +0000] (0 s) "GET /temp/.env HTTP/1.1" 200 1789 "-" "Mozilla/5.0 (Windows NT 10.0; Win64; x64) AppleWebKit/537.36 (KHTML, like Gecko) Chrome/131.0.0.0 Safari/537.36" www.chauffagiste-essonne.com
56.155.105.211 - - [04/Sep/2026:01:06:12 +0000] (0 s) "GET /lab/.env HTTP/1.1" 200 1789 "-" "Mozilla/5.0 (Windows NT 10.0; Win64; x64) AppleWebKit/537.36 (KHTML, like Gecko) Chrome/131.0.0.0 Safari/537.36" www.chauffagiste-essonne.com
56.155.105.211 - - [04/Sep/2026:01:06:13 +0000] (0 s) "GET /cronlab/.env HTTP/1.1" 200 1789 "-" "Mozilla/5.0 (Windows NT 10.0; Win64; x64) AppleWebKit/537.36 (KHTML, like Gecko) Chrome/131.0.0.0 Safari/537.36" www.chauffagiste-essonne.com
56.155.105.211 - - [04/Sep/2026:01:06:13 +0000] (0 s) "GET /cron/.env HTTP/1.1" 200 1789 "-" "Mozilla/5.0 (Windows NT 10.0; Win64; x64) AppleWebKit/537.36 (KHTML, like Gecko) Chrome/131.0.0.0 Safari/537.36" www.chauffagiste-essonne.com
56.155.105.211 - - [04/Sep/2026:01:06:13 +0000] (0 s) "GET /en/.env HTTP/1.1" 200 1789 "-" "Mozilla/5.0 (Windows NT 10.0; Win64; x64) AppleWebKit/537.36 (KHTML, like Gecko) Chrome/131.0.0.0 Safari/537.36" www.chauffagiste-essonne.com
56.155.105.211 - - [04/Sep/2026:01:06:14 +0000] (0 s) "GET /administrator/.env HTTP/1.1" 200 1789 "-" "Mozilla/5.0 (Windows NT 10.0; Win64; x64) AppleWebKit/537.36 (KHTML, like Gecko) Chrome/131.0.0.0 Safari/537.36" www.chauffagiste-essonne.com
56.155.105.211 - - [04/Sep/2026:01:06:14 +0000] (0 s) "GET /psnlink/.env HTTP/1.1" 200 1789 "-" "Mozilla/5.0 (Windows NT 10.0; Win64; x64) AppleWebKit/537.36 (KHTML, like Gecko) Chrome/131.0.0.0 Safari/537.36" www.chauffagiste-essonne.com
56.155.105.211 - - [04/Sep/2026:01:06:15 +0000] (0 s) "GET /exapi/.env HTTP/1.1" 200 1789 "-" "Mozilla/5.0 (Windows NT 10.0; Win64; x64) AppleWebKit/537.36 (KHTML, like Gecko) Chrome/131.0.0.0 Safari/537.36" www.chauffagiste-essonne.com
56.155.105.211 - - [04/Sep/2026:01:06:15 +0000] (0 s) "GET /sitemaps/.env HTTP/1.1" 200 1789 "-" "Mozilla/5.0 (Windows NT 10.0; Win64; x64) AppleWebKit/537.36 (KHTML, like Gecko) Chrome/131.0.0.0 Safari/537.36" www.chauffagiste-essonne.com
56.155.105.211 - - [04/Sep/2026:01:06:16 +0000] (0 s) "GET /.env.backup1 HTTP/1.1" 200 1789 "-" "Mozilla/5.0 (Windows NT 10.0; Win64; x64) AppleWebKit/537.36 (KHTML, like Gecko) Chrome/131.0.0.0 Safari/537.36" www.chauffagiste-essonne.com
56.155.105.211 - - [04/Sep/2026:01:06:16 +0000] (0 s) "GET /.env.backup2 HTTP/1.1" 200 1789 "-" "Mozilla/5.0 (Windows NT 10.0; Win64; x64) AppleWebKit/537.36 (KHTML, like Gecko) Chrome/131.0.0.0 Safari/537.36" www.chauffagiste-essonne.com
56.155.105.211 - - [04/Sep/2026:01:06:17 +0000] (0 s) "GET /logs/.env HTTP/1.1" 200 1789 "-" "Mozilla/5.0 (Windows NT 10.0; Win64; x64) AppleWebKit/537.36 (KHTML, like Gecko) Chrome/131.0.0.0 Safari/537.36" www.volley92.asso.fr
13.245.222.203 - - [04/Sep/2026:01:06:17 +0000] (0 s) "GET / HTTP/1.1" 200 4649 "-" "Mozilla/5.0 (Windows NT 10.0; Win64; x64) AppleWebKit/537.36 (KHTML, like Gecko) Chrome/129.0.0.0 Safari/537.36 (StatusCake)" www.chauffagiste-essonne.com
56.155.105.211 - - [04/Sep/2026:01:06:17 +0000] (0 s) "GET /cache/.env HTTP/1.1" 200 1789 "-" "Mozilla/5.0 (Windows NT 10.0; Win64; x64) AppleWebKit/537.36 (KHTML, like Gecko) Chrome/131.0.0.0 Safari/537.36" www.chauffagiste-essonne.com
56.155.105.211 - - [04/Sep/2026:01:06:18 +0000] (0 s) "GET /mailer/.env HTTP/1.1" 200 1789 "-" "Mozilla/5.0 (Windows NT 10.0; Win64; x64) AppleWebKit/537.36 (KHTML, like Gecko) Chrome/131.0.0.0 Safari/537.36" www.chauffagiste-essonne.com
56.155.105.211 - - [04/Sep/2026:01:06:18 +0000] (0 s) "GET /mail/.env HTTP/1.1" 200 1789 "-" "Mozilla/5.0 (Windows NT 10.0; Win64; x64) AppleWebKit/537.36 (KHTML, like Gecko) Chrome/131.0.0.0 Safari/537.36" www.chauffagiste-essonne.com
56.155.105.211 - - [04/Sep/2026:01:06:18 +0000] (0 s) "GET /email/.env HTTP/1.1" 200 1789 "-" "Mozilla/5.0 (Windows NT 10.0; Win64; x64) AppleWebKit/537.36 (KHTML, like Gecko) Chrome/131.0.0.0 Safari/537.36" www.chauffagiste-essonne.com
56.155.105.211 - - [04/Sep/2026:01:06:19 +0000] (0 s) "GET /smtp/.env HTTP/1.1" 200 1789 "-" "Mozilla/5.0 (Windows NT 10.0; Win64; x64) AppleWebKit/537.36 (KHTML, like Gecko) Chrome/131.0.0.0 Safari/537.36" www.chauffagiste-essonne.com
56.155.105.211 - - [04/Sep/2026:01:06:19 +0000] (0 s) "GET /mailing/.env HTTP/1.1" 200 1789 "-" "Mozilla/5.0 (Windows NT 10.0; Win64; x64) AppleWebKit/537.36 (KHTML, like Gecko) Chrome/131.0.0.0 Safari/537.36" www.chauffagiste-essonne.com
56.155.105.211 - - [04/Sep/2026:01:06:20 +0000] (0 s) "GET /notifications/.env HTTP/1.1" 200 1789 "-" "Mozilla/5.0 (Windows NT 10.0; Win64; x64) AppleWebKit/537.36 (KHTML, like Gecko) Chrome/131.0.0.0 Safari/537.36" www.chauffagiste-essonne.com
56.155.105.211 - - [04/Sep/2026:01:06:20 +0000] (0 s) "GET /notify/.env HTTP/1.1" 200 1789 "-" "Mozilla/5.0 (Windows NT 10.0; Win64; x64) AppleWebKit/537.36 (KHTML, like Gecko) Chrome/131.0.0.0 Safari/537.36" www.chauffagiste-essonne.com
56.155.105.211 - - [04/Sep/2026:01:06:21 +0000] (0 s) "GET /sender/.env HTTP/1.1" 200 1789 "-" "Mozilla/5.0 (Windows NT 10.0; Win64; x64) AppleWebKit/537.36 (KHTML, like Gecko) Chrome/131.0.0.0 Safari/537.36" www.chauffagiste-essonne.com
56.155.105.211 - - [04/Sep/2026:01:06:21 +0000] (0 s) "GET /campaign/.env HTTP/1.1" 200 1789 "-" "Mozilla/5.0 (Windows NT 10.0; Win64; x64) AppleWebKit/537.36 (KHTML, like Gecko) Chrome/131.0.0.0 Safari/537.36" www.chauffagiste-essonne.com
56.155.105.211 - - [04/Sep/2026:01:06:22 +0000] (0 s) "GET /newsletter/.env HTTP/1.1" 200 1789 "-" "Mozilla/5.0 (Windows NT 10.0; Win64; x64) AppleWebKit/537.36 (KHTML, like Gecko) Chrome/131.0.0.0 Safari/537.36" www.chauffagiste-essonne.com
56.155.105.211 - - [04/Sep/2026:01:06:22 +0000] (0 s) "GET /ses/.env HTTP/1.1" 200 1789 "-" "Mozilla/5.0 (Windows NT 10.0; Win64; x64) AppleWebKit/537.36 (KHTML, like Gecko) Chrome/131.0.0.0 Safari/537.36" www.chauffagiste-essonne.com
56.155.105.211 - - [04/Sep/2026:01:06:23 +0000] (0 s) "GET /sendgrid/.env HTTP/1.1" 200 1789 "-" "Mozilla/5.0 (Windows NT 10.0; Win64; x64) AppleWebKit/537.36 (KHTML, like Gecko) Chrome/131.0.0.0 Safari/537.36" www.chauffagiste-essonne.com
56.155.105.211 - - [04/Sep/2026:01:06:23 +0000] (0 s) "GET /sparkpost/.env HTTP/1.1" 200 1789 "-" "Mozilla/5.0 (Windows NT 10.0; Win64; x64) AppleWebKit/537.36 (KHTML, like Gecko) Chrome/131.0.0.0 Safari/537.36" www.chauffagiste-essonne.com
56.155.105.211 - - [04/Sep/2026:01:06:23 +0000] (0 s) "GET /postmark/.env HTTP/1.1" 200 1789 "-" "Mozilla/5.0 (Windows NT 10.0; Win64; x64) AppleWebKit/537.36 (KHTML, like Gecko) Chrome/131.0.0.0 Safari/537.36" www.chauffagiste-essonne.com
56.155.105.211 - - [04/Sep/2026:01:06:24 +0000] (0 s) "GET /mailgun/.env HTTP/1.1" 200 1789 "-" "Mozilla/5.0 (Windows NT 10.0; Win64; x64) AppleWebKit/537.36 (KHTML, like Gecko) Chrome/131.0.0.0 Safari/537.36" www.chauffagiste-essonne.com
56.155.105.211 - - [04/Sep/2026:01:06:24 +0000] (0 s) "GET /mandrill/.env HTTP/1.1" 200 1789 "-" "Mozilla/5.0 (Windows NT 10.0; Win64; x64) AppleWebKit/537.36 (KHTML, like Gecko) Chrome/131.0.0.0 Safari/537.36" www.chauffagiste-essonne.com
56.155.105.211 - - [04/Sep/2026:01:06:25 +0000] (0 s) "GET /mailjet/.env HTTP/1.1" 200 1789 "-" "Mozilla/5.0 (Windows NT 10.0; Win64; x64) AppleWebKit/537.36 (KHTML, like Gecko) Chrome/131.0.0.0 Safari/537.36" www.chauffagiste-essonne.com
56.155.105.211 - - [04/Sep/2026:01:06:25 +0000] (0 s) "GET /brevo/.env HTTP/1.1" 200 1789 "-" "Mozilla/5.0 (Windows NT 10.0; Win64; x64) AppleWebKit/537.36 (KHTML, like Gecko) Chrome/131.0.0.0 Safari/537.36" www.chauffagiste-essonne.com
56.155.105.211 - - [04/Sep/2026:01:06:26 +0000] (0 s) "GET /transactional/.env HTTP/1.1" 200 1789 "-" "Mozilla/5.0 (Windows NT 10.0; Win64; x64) AppleWebKit/537.36 (KHTML, like Gecko) Chrome/131.0.0.0 Safari/537.36" www.chauffagiste-essonne.com
56.155.105.211 - - [04/Sep/2026:01:06:26 +0000] (0 s) "GET /bulk/.env HTTP/1.1" 200 1789 "-" "Mozilla/5.0 (Windows NT 10.0; Win64; x64) AppleWebKit/537.36 (KHTML, like Gecko) Chrome/131.0.0.0 Safari/537.36" www.chauffagiste-essonne.com
56.155.105.211 - - [04/Sep/2026:01:06:27 +0000] (0 s) "GET /aws/.env HTTP/1.1" 200 1789 "-" "Mozilla/5.0 (Windows NT 10.0; Win64; x64) AppleWebKit/537.36 (KHTML, like Gecko) Chrome/131.0.0.0 Safari/537.36" www.chauffagiste-essonne.com
56.155.105.211 - - [04/Sep/2026:01:06:27 +0000] (0 s) "GET /azure/.env HTTP/1.1" 200 1789 "-" "Mozilla/5.0 (Windows NT 10.0; Win64; x64) AppleWebKit/537.36 (KHTML, like Gecko) Chrome/131.0.0.0 Safari/537.36" www.chauffagiste-essonne.com
56.155.105.211 - - [04/Sep/2026:01:06:28 +0000] (0 s) "GET /gcp/.env HTTP/1.1" 200 1789 "-" "Mozilla/5.0 (Windows NT 10.0; Win64; x64) AppleWebKit/537.36 (KHTML, like Gecko) Chrome/131.0.0.0 Safari/537.36" www.chauffagiste-essonne.com
56.155.105.211 - - [04/Sep/2026:01:06:28 +0000] (0 s) "GET /cloud/.env HTTP/1.1" 200 1789 "-" "Mozilla/5.0 (Windows NT 10.0; Win64; x64) AppleWebKit/537.36 (KHTML, like Gecko) Chrome/131.0.0.0 Safari/537.36" www.chauffagiste-essonne.com
